Last updated on 2025-02-05 17:50:09 CET.
Flavor | Version | Tinstall | Tcheck | Ttotal | Status | Flags |
---|---|---|---|---|---|---|
r-devel-linux-x86_64-debian-clang | 2019.6 | 7.41 | 424.41 | 431.82 | OK | |
r-devel-linux-x86_64-debian-gcc | 2019.6 | 5.96 | 252.62 | 258.58 | OK | |
r-devel-linux-x86_64-fedora-clang | 2019.6 | 700.00 | OK | |||
r-devel-linux-x86_64-fedora-gcc | 2019.6 | 761.50 | OK | |||
r-devel-windows-x86_64 | 2019.6 | 84.00 | 214.00 | 298.00 | NOTE | |
r-patched-linux-x86_64 | 2019.6 | 7.38 | 422.22 | 429.60 | NOTE | |
r-release-linux-x86_64 | 2019.6 | 7.10 | 397.17 | 404.27 | NOTE | |
r-release-macos-arm64 | 2019.6 | 85.00 | NOTE | |||
r-release-macos-x86_64 | 2019.6 | 177.00 | NOTE | |||
r-release-windows-x86_64 | 2019.6 | 62.00 | 208.00 | 270.00 | NOTE | |
r-oldrel-macos-arm64 | 2019.6 | 101.00 | NOTE | |||
r-oldrel-macos-x86_64 | 2019.6 | 176.00 | NOTE | |||
r-oldrel-windows-x86_64 | 2019.6 | 93.00 | 248.00 | 341.00 | NOTE |
Version: 2019.6
Check: whether startup messages can be suppressed
Result: NOTE
unable to reach CRAN
It looks like this package (or a package it requires) has a startup
message which cannot be suppressed: see ?packageStartupMessage.
Flavors: r-devel-windows-x86_64, r-release-macos-arm64, r-release-macos-x86_64, r-release-windows-x86_64
Version: 2019.6
Check: package dependencies
Result: NOTE
Package suggested but not available for checking: ‘networksis’
Flavors: r-patched-linux-x86_64, r-release-linux-x86_64, r-release-macos-arm64, r-release-macos-x86_64, r-release-windows-x86_64, r-oldrel-macos-arm64, r-oldrel-macos-x86_64, r-oldrel-windows-x86_64
Version: 2019.6
Check: startup messages can be suppressed
Result: NOTE
unable to reach CRAN
It looks like this package (or a package it requires) has a startup
message which cannot be suppressed: see ?packageStartupMessage.
Flavors: r-oldrel-macos-arm64, r-oldrel-macos-x86_64, r-oldrel-windows-x86_64