Last updated on 2025-11-25 17:50:08 CET.
| Flavor | Version | Tinstall | Tcheck | Ttotal | Status | Flags |
|---|---|---|---|---|---|---|
| r-devel-linux-x86_64-debian-clang | 4.12.0 | 4.00 | 43.83 | 47.83 | NOTE | |
| r-devel-linux-x86_64-debian-gcc | 4.12.0 | 3.80 | 33.09 | 36.89 | NOTE | |
| r-devel-linux-x86_64-fedora-clang | 4.12.0 | 15.00 | 58.65 | 73.65 | NOTE | |
| r-devel-linux-x86_64-fedora-gcc | 4.12.0 | 11.00 | 57.69 | 68.69 | NOTE | |
| r-devel-windows-x86_64 | 4.12.0 | 15.00 | 72.00 | 87.00 | NOTE | |
| r-patched-linux-x86_64 | 4.12.0 | 6.49 | 39.22 | 45.71 | NOTE | |
| r-release-linux-x86_64 | 4.12.0 | 4.74 | 38.73 | 43.47 | NOTE | |
| r-release-macos-arm64 | 4.12.0 | NOTE | ||||
| r-release-macos-x86_64 | 4.12.0 | 6.00 | 46.00 | 52.00 | NOTE | |
| r-release-windows-x86_64 | 4.12.0 | 9.00 | 87.00 | 96.00 | NOTE | |
| r-oldrel-macos-arm64 | 4.12.0 | NOTE | ||||
| r-oldrel-macos-x86_64 | 4.12.0 | 5.00 | 47.00 | 52.00 | NOTE | |
| r-oldrel-windows-x86_64 | 4.12.0 | 10.00 | 84.00 | 94.00 | NOTE |
Version: 4.12.0
Check: R code for possible problems
Result: NOTE
Found the following possibly unsafe calls:
File ‘statnet.common/R/control.utilities.R’:
unlockBinding("snctrl", environment(snctrl))
unlockBinding("snctrl", environment(update_my_snctrl))
Flavors: r-devel-linux-x86_64-debian-clang, r-devel-linux-x86_64-debian-gcc, r-devel-linux-x86_64-fedora-clang, r-devel-linux-x86_64-fedora-gcc, r-devel-windows-x86_64, r-patched-linux-x86_64, r-release-linux-x86_64, r-release-macos-arm64, r-release-macos-x86_64, r-release-windows-x86_64, r-oldrel-macos-arm64, r-oldrel-macos-x86_64, r-oldrel-windows-x86_64