Last updated on 2025-11-26 05:51:53 CET.
| Flavor | Version | Tinstall | Tcheck | Ttotal | Status | Flags |
|---|---|---|---|---|---|---|
| r-devel-linux-x86_64-debian-clang | 1.3 | 37.46 | 69.42 | 106.88 | NOTE | |
| r-devel-linux-x86_64-debian-gcc | 1.3 | 24.84 | 54.00 | 78.84 | NOTE | |
| r-devel-linux-x86_64-fedora-clang | 1.3 | 129.00 | 61.81 | 190.81 | NOTE | |
| r-devel-linux-x86_64-fedora-gcc | 1.3 | 103.00 | 70.75 | 173.75 | NOTE | |
| r-devel-windows-x86_64 | 1.3 | 50.00 | 96.00 | 146.00 | OK | |
| r-patched-linux-x86_64 | 1.3 | 38.78 | 66.76 | 105.54 | OK | |
| r-release-linux-x86_64 | 1.3 | 36.21 | 66.48 | 102.69 | OK | |
| r-release-macos-arm64 | 1.3 | OK | ||||
| r-release-macos-x86_64 | 1.3 | 18.00 | 54.00 | 72.00 | OK | |
| r-release-windows-x86_64 | 1.3 | 44.00 | 102.00 | 146.00 | OK | |
| r-oldrel-macos-arm64 | 1.3 | OK | ||||
| r-oldrel-macos-x86_64 | 1.3 | 16.00 | 40.00 | 56.00 | OK | |
| r-oldrel-windows-x86_64 | 1.3 | 54.00 | 131.00 | 185.00 | OK |
Version: 1.3
Check: CRAN incoming feasibility
Result: NOTE
Maintainer: ‘Felix Cheysson <felix@cheysson.fr>’
No Authors@R field in DESCRIPTION.
Please add one, modifying
Authors@R: person(given = "Felix",
family = "Cheysson",
role = c("aut", "cre"),
email = "felix@cheysson.fr")
as necessary.
Flavors: r-devel-linux-x86_64-debian-clang, r-devel-linux-x86_64-debian-gcc
Version: 1.3
Check: compiled code
Result: NOTE
File ‘starma/libs/starma.so’:
Found no calls to: ‘R_registerRoutines’, ‘R_useDynamicSymbols’
It is good practice to register native routines and to disable symbol
search.
See ‘Writing portable packages’ in the ‘Writing R Extensions’ manual.
Flavors: r-devel-linux-x86_64-fedora-clang, r-devel-linux-x86_64-fedora-gcc