Last updated on 2025-11-26 05:51:53 CET.
| Flavor | Version | Tinstall | Tcheck | Ttotal | Status | Flags |
|---|---|---|---|---|---|---|
| r-devel-linux-x86_64-debian-clang | 0.1.7 | 0.21 | 2.21 | 2.42 | ERROR | |
| r-devel-linux-x86_64-debian-gcc | 0.1.7 | 0.25 | 1.77 | 2.02 | ERROR | |
| r-devel-linux-x86_64-fedora-clang | 0.1.7 | 2.61 | ERROR | |||
| r-devel-linux-x86_64-fedora-gcc | 0.1.7 | 2.39 | ERROR | |||
| r-devel-windows-x86_64 | 0.1.7 | 33.00 | 223.00 | 256.00 | OK | |
| r-patched-linux-x86_64 | 0.1.7 | 29.20 | 253.55 | 282.75 | OK | |
| r-release-linux-x86_64 | 0.1.7 | 33.60 | 255.45 | 289.05 | OK | |
| r-release-macos-arm64 | 0.1.7 | OK | ||||
| r-release-macos-x86_64 | 0.1.7 | 26.00 | 200.00 | 226.00 | OK | |
| r-release-windows-x86_64 | 0.1.7 | 30.00 | 218.00 | 248.00 | OK | |
| r-oldrel-macos-arm64 | 0.1.7 | OK | ||||
| r-oldrel-macos-x86_64 | 0.1.7 | 26.00 | 211.00 | 237.00 | OK | |
| r-oldrel-windows-x86_64 | 0.1.7 | 41.00 | 274.00 | 315.00 | OK |
Version: 0.1.7
Check: package dependencies
Result: ERROR
Package required but not available: ‘mapview’
See section ‘The DESCRIPTION file’ in the ‘Writing R Extensions’
manual.
Flavors: r-devel-linux-x86_64-debian-clang, r-devel-linux-x86_64-debian-gcc, r-devel-linux-x86_64-fedora-clang, r-devel-linux-x86_64-fedora-gcc