CRAN Package Check Results for Package ssrm.logmer

Last updated on 2025-02-10 17:49:23 CET.

Flavor Version Tinstall Tcheck Ttotal Status Flags
r-devel-linux-x86_64-debian-clang 0.1 2.07 18.19 20.26 OK
r-devel-linux-x86_64-debian-gcc 0.1 1.52 14.84 16.36 OK
r-devel-linux-x86_64-fedora-clang 0.1 32.76 OK
r-devel-linux-x86_64-fedora-gcc 0.1 30.75 OK
r-devel-windows-x86_64 0.1 3.00 43.00 46.00 OK
r-patched-linux-x86_64 0.1 1.85 17.42 19.27 NOTE
r-release-linux-x86_64 0.1 1.83 17.43 19.26 NOTE
r-release-macos-arm64 0.1 15.00 NOTE
r-release-macos-x86_64 0.1 21.00 NOTE
r-release-windows-x86_64 0.1 3.00 44.00 47.00 NOTE
r-oldrel-macos-arm64 0.1 15.00 NOTE
r-oldrel-macos-x86_64 0.1 21.00 NOTE
r-oldrel-windows-x86_64 0.1 4.00 48.00 52.00 NOTE

Check Details

Version: 0.1
Check: LazyData
Result: NOTE 'LazyData' is specified without a 'data' directory Flavors: r-patched-linux-x86_64, r-release-linux-x86_64, r-release-macos-arm64, r-release-macos-x86_64, r-release-windows-x86_64, r-oldrel-macos-arm64, r-oldrel-macos-x86_64, r-oldrel-windows-x86_64