Last updated on 2025-05-15 18:51:01 CEST.
Flavor | Version | Tinstall | Tcheck | Ttotal | Status | Flags |
---|---|---|---|---|---|---|
r-devel-linux-x86_64-debian-clang | 1.0 | 8.97 | 81.17 | 90.14 | NOTE | |
r-devel-linux-x86_64-debian-gcc | 1.0 | 6.67 | 59.53 | 66.20 | NOTE | |
r-devel-linux-x86_64-fedora-clang | 1.0 | 142.33 | OK | |||
r-devel-linux-x86_64-fedora-gcc | 1.0 | 136.67 | OK | |||
r-devel-windows-x86_64 | 1.0 | 12.00 | 95.00 | 107.00 | OK | |
r-patched-linux-x86_64 | 1.0 | 10.10 | 77.99 | 88.09 | OK | |
r-release-linux-x86_64 | 1.0 | 8.42 | 78.51 | 86.93 | OK | |
r-release-macos-arm64 | 1.0 | 38.00 | OK | |||
r-release-macos-x86_64 | 1.0 | 73.00 | OK | |||
r-release-windows-x86_64 | 1.0 | 12.00 | 96.00 | 108.00 | OK | |
r-oldrel-macos-arm64 | 1.0 | 39.00 | OK | |||
r-oldrel-macos-x86_64 | 1.0 | 60.00 | OK | |||
r-oldrel-windows-x86_64 | 1.0 | 16.00 | 114.00 | 130.00 | OK |
Version: 1.0
Check: CRAN incoming feasibility
Result: NOTE
Maintainer: ‘Mikhail Zhelonkin <Mikhail.Zhelonkin@gmail.com>’
No Authors@R field in DESCRIPTION.
Please add one, modifying
Authors@R: c(person(given = "Mikhail",
family = "Zhelonkin",
role = c("aut", "cre"),
email = "mikhail.zhelonkin@gmail.com"),
person(given = c("Marc", "G."),
family = "Genton",
role = "aut"),
person(given = "Elvezio",
family = "Ronchetti",
role = "aut"))
as necessary.
Flavors: r-devel-linux-x86_64-debian-clang, r-devel-linux-x86_64-debian-gcc