Last updated on 2024-08-16 06:50:13 CEST.
Flavor | Version | Tinstall | Tcheck | Ttotal | Status | Flags |
---|---|---|---|---|---|---|
r-devel-linux-x86_64-debian-clang | 2.2.4 | 8.01 | 63.33 | 71.34 | NOTE | |
r-devel-linux-x86_64-debian-gcc | 2.2.4 | 5.44 | 45.19 | 50.63 | NOTE | |
r-devel-linux-x86_64-fedora-clang | 2.2.4 | 113.55 | NOTE | |||
r-devel-linux-x86_64-fedora-gcc | 2.2.4 | 105.10 | NOTE | |||
r-devel-windows-x86_64 | 2.2.4 | 10.00 | 91.00 | 101.00 | NOTE | |
r-patched-linux-x86_64 | 2.2.4 | 9.32 | 59.30 | 68.62 | ERROR | |
r-release-linux-x86_64 | 2.2.4 | 7.07 | 60.43 | 67.50 | NOTE | |
r-release-macos-arm64 | 2.2.4 | 36.00 | NOTE | |||
r-release-macos-x86_64 | 2.2.4 | 50.00 | NOTE | |||
r-release-windows-x86_64 | 2.2.4 | 13.00 | 91.00 | 104.00 | NOTE | |
r-oldrel-macos-arm64 | 2.2.4 | 32.00 | OK | |||
r-oldrel-macos-x86_64 | 2.2.4 | 52.00 | OK | |||
r-oldrel-windows-x86_64 | 2.2.4 | 12.00 | 104.00 | 116.00 | OK |
Version: 2.2.4
Check: Rd files
Result: NOTE
checkRd: (-1) get_my_currently_playing.Rd:15: Lost braces
15 | href{https://developer.spotify.com/documentation/general/guides/track-relinking-guide/}{Track Relinking}}
| ^
checkRd: (-1) get_my_currently_playing.Rd:15: Lost braces
15 | href{https://developer.spotify.com/documentation/general/guides/track-relinking-guide/}{Track Relinking}}
| ^
Flavors: r-devel-linux-x86_64-debian-clang, r-devel-linux-x86_64-debian-gcc, r-devel-linux-x86_64-fedora-clang, r-devel-linux-x86_64-fedora-gcc, r-devel-windows-x86_64, r-patched-linux-x86_64, r-release-linux-x86_64, r-release-macos-arm64, r-release-macos-x86_64, r-release-windows-x86_64
Version: 2.2.4
Check: examples
Result: ERROR
Running examples in ‘spotifyr-Ex.R’ failed
The error most likely occurred in:
> base::assign(".ptime", proc.time(), pos = "CheckExEnv")
> ### Name: scopes
> ### Title: Valid Authorization Scopes
> ### Aliases: scopes
>
> ### ** Examples
>
> scopes()
Error in open.connection(x, "rb") : HTTP error 503.
Calls: scopes ... xml_text -> <Anonymous> -> <Anonymous> -> read_html.default
Execution halted
Flavor: r-patched-linux-x86_64