Last updated on 2025-11-26 05:51:52 CET.
| Flavor | Version | Tinstall | Tcheck | Ttotal | Status | Flags |
|---|---|---|---|---|---|---|
| r-devel-linux-x86_64-debian-clang | 1.1.0 | 8.30 | 117.10 | 125.40 | ERROR | |
| r-devel-linux-x86_64-debian-gcc | 1.1.0 | 5.42 | 78.46 | 83.88 | ERROR | |
| r-devel-linux-x86_64-fedora-clang | 1.1.0 | 19.00 | 165.24 | 184.24 | ERROR | |
| r-devel-linux-x86_64-fedora-gcc | 1.1.0 | 19.00 | 177.29 | 196.29 | ERROR | |
| r-devel-windows-x86_64 | 1.1.0 | 15.00 | 115.00 | 130.00 | OK | |
| r-patched-linux-x86_64 | 1.1.0 | 8.27 | 122.35 | 130.62 | OK | |
| r-release-linux-x86_64 | 1.1.0 | 6.71 | 123.47 | 130.18 | OK | |
| r-release-macos-arm64 | 1.1.0 | OK | ||||
| r-release-macos-x86_64 | 1.1.0 | 7.00 | 129.00 | 136.00 | OK | |
| r-release-windows-x86_64 | 1.1.0 | 9.00 | 132.00 | 141.00 | OK | |
| r-oldrel-macos-arm64 | 1.1.0 | OK | ||||
| r-oldrel-macos-x86_64 | 1.1.0 | 6.00 | 152.00 | 158.00 | OK | |
| r-oldrel-windows-x86_64 | 1.1.0 | 13.00 | 160.00 | 173.00 | OK |
Version: 1.1.0
Check: re-building of vignette outputs
Result: ERROR
Error(s) in re-building vignettes:
...
--- re-building ‘Introduction_to_spnaf.Rmd’ using rmarkdown
Quitting from Introduction_to_spnaf.Rmd:78-91 [unnamed-chunk-7]
~~~~~~~~~~~~~~~~~~~~~~~~~~~~~~~~~~~~~~~~~~~~~~~~~~~~~~~~~~~~~~~~~~~~~~~~~~~~~~~~
<error/rlang_error>
Error in `library()`:
! there is no package called 'tmap'
---
Backtrace:
▆
1. └─base::library(tmap)
~~~~~~~~~~~~~~~~~~~~~~~~~~~~~~~~~~~~~~~~~~~~~~~~~~~~~~~~~~~~~~~~~~~~~~~~~~~~~~~~
Error: processing vignette 'Introduction_to_spnaf.Rmd' failed with diagnostics:
there is no package called 'tmap'
--- failed re-building ‘Introduction_to_spnaf.Rmd’
SUMMARY: processing the following file failed:
‘Introduction_to_spnaf.Rmd’
Error: Vignette re-building failed.
Execution halted
Flavors: r-devel-linux-x86_64-debian-clang, r-devel-linux-x86_64-debian-gcc
Version: 1.1.0
Check: re-building of vignette outputs
Result: ERROR
Error(s) in re-building vignettes:
--- re-building ‘Introduction_to_spnaf.Rmd’ using rmarkdown
Quitting from Introduction_to_spnaf.Rmd:78-91 [unnamed-chunk-7]
~~~~~~~~~~~~~~~~~~~~~~~~~~~~~~~~~~~~~~~~~~~~~~~~~~~~~~~~~~~~~~~~~~~~~~~~~~~~~~~~
<error/rlang_error>
Error in `library()`:
! there is no package called 'tmap'
---
Backtrace:
▆
1. └─base::library(tmap)
~~~~~~~~~~~~~~~~~~~~~~~~~~~~~~~~~~~~~~~~~~~~~~~~~~~~~~~~~~~~~~~~~~~~~~~~~~~~~~~~
Error: processing vignette 'Introduction_to_spnaf.Rmd' failed with diagnostics:
there is no package called 'tmap'
--- failed re-building ‘Introduction_to_spnaf.Rmd’
SUMMARY: processing the following file failed:
‘Introduction_to_spnaf.Rmd’
Error: Vignette re-building failed.
Execution halted
Flavors: r-devel-linux-x86_64-fedora-clang, r-devel-linux-x86_64-fedora-gcc