Last updated on 2025-11-04 13:50:26 CET.
| Flavor | Version | Tinstall | Tcheck | Ttotal | Status | Flags |
|---|---|---|---|---|---|---|
| r-devel-linux-x86_64-debian-clang | 0.0.5 | 6.16 | 65.61 | 71.77 | OK | |
| r-devel-linux-x86_64-debian-gcc | 0.0.5 | 4.07 | 50.86 | 54.93 | OK | |
| r-devel-linux-x86_64-fedora-clang | 0.0.5 | 13.00 | 97.65 | 110.65 | NOTE | |
| r-devel-linux-x86_64-fedora-gcc | 0.0.5 | 13.00 | 108.79 | 121.79 | NOTE | |
| r-devel-windows-x86_64 | 0.0.5 | 8.00 | 74.00 | 82.00 | OK | |
| r-patched-linux-x86_64 | 0.0.5 | 6.36 | 63.75 | 70.11 | OK | |
| r-release-linux-x86_64 | 0.0.5 | 5.53 | 62.85 | 68.38 | OK | |
| r-release-macos-arm64 | 0.0.5 | 3.00 | 36.00 | 39.00 | OK | |
| r-release-macos-x86_64 | 0.0.5 | 9.00 | 77.00 | 86.00 | OK | |
| r-release-windows-x86_64 | 0.0.5 | 8.00 | 75.00 | 83.00 | OK | |
| r-oldrel-macos-arm64 | 0.0.5 | 3.00 | 45.00 | 48.00 | OK | |
| r-oldrel-macos-x86_64 | 0.0.5 | 5.00 | 76.00 | 81.00 | OK | |
| r-oldrel-windows-x86_64 | 0.0.5 | 11.00 | 93.00 | 104.00 | OK |
Version: 0.0.5
Check: dependencies in R code
Result: NOTE
Namespace in Imports field not imported from: ‘ggplot2’
All declared Imports should be used.
Flavors: r-devel-linux-x86_64-fedora-clang, r-devel-linux-x86_64-fedora-gcc