Last updated on 2025-07-01 18:48:45 CEST.
Flavor | Version | Tinstall | Tcheck | Ttotal | Status | Flags |
---|---|---|---|---|---|---|
r-devel-linux-x86_64-debian-clang | 1.0 | 100.38 | 27.26 | 127.64 | NOTE | |
r-devel-linux-x86_64-debian-gcc | 1.0 | 66.05 | 22.07 | 88.12 | NOTE | |
r-devel-linux-x86_64-fedora-clang | 1.0 | 236.48 | OK | |||
r-devel-linux-x86_64-fedora-gcc | 1.0 | 210.78 | OK | |||
r-devel-windows-x86_64 | 1.0 | 110.00 | 65.00 | 175.00 | OK | |
r-patched-linux-x86_64 | OK | |||||
r-release-linux-x86_64 | 1.0 | 94.63 | 24.92 | 119.55 | OK | |
r-release-macos-arm64 | 1.0 | 53.00 | OK | |||
r-release-macos-x86_64 | 1.0 | 56.00 | OK | |||
r-release-windows-x86_64 | 1.0 | 110.00 | 74.00 | 184.00 | OK | |
r-oldrel-macos-arm64 | 1.0 | 51.00 | NOTE | |||
r-oldrel-macos-x86_64 | 1.0 | 53.00 | NOTE | |||
r-oldrel-windows-x86_64 | 1.0 | 110.00 | 83.00 | 193.00 | OK |
Version: 1.0
Check: CRAN incoming feasibility
Result: NOTE
Maintainer: ‘Yang Liu <yliu87@umd.edu>’
The Description field contains
<arXiv:2303.10079>. Both the conditional densities of observed
Please refer to arXiv e-prints via their arXiv DOI <doi:10.48550/arXiv.YYMM.NNNNN>.
Flavors: r-devel-linux-x86_64-debian-clang, r-devel-linux-x86_64-debian-gcc
Version: 1.0
Check: installed package size
Result: NOTE
installed size is 7.0Mb
sub-directories of 1Mb or more:
libs 6.7Mb
Flavors: r-oldrel-macos-arm64, r-oldrel-macos-x86_64