Last updated on 2025-11-26 05:51:52 CET.
| Flavor | Version | Tinstall | Tcheck | Ttotal | Status | Flags |
|---|---|---|---|---|---|---|
| r-devel-linux-x86_64-debian-clang | 0.2.0 | 0.31 | 2.30 | 2.61 | ERROR | |
| r-devel-linux-x86_64-debian-gcc | 0.2.0 | 0.25 | 1.91 | 2.16 | ERROR | |
| r-devel-linux-x86_64-fedora-clang | 0.2.0 | 2.55 | ERROR | |||
| r-devel-linux-x86_64-fedora-gcc | 0.2.0 | 2.64 | ERROR | |||
| r-devel-windows-x86_64 | 0.2.0 | 8.00 | 64.00 | 72.00 | OK | |
| r-patched-linux-x86_64 | 0.2.0 | 4.33 | 41.94 | 46.27 | OK | |
| r-release-linux-x86_64 | 0.2.0 | 4.18 | 42.25 | 46.43 | OK | |
| r-release-macos-arm64 | 0.2.0 | OK | ||||
| r-release-macos-x86_64 | 0.2.0 | 3.00 | 54.00 | 57.00 | OK | |
| r-release-windows-x86_64 | 0.2.0 | 6.00 | 86.00 | 92.00 | OK | |
| r-oldrel-macos-arm64 | 0.2.0 | OK | ||||
| r-oldrel-macos-x86_64 | 0.2.0 | 3.00 | 42.00 | 45.00 | OK | |
| r-oldrel-windows-x86_64 | 0.2.0 | 6.00 | 72.00 | 78.00 | OK |
Version: 0.2.0
Check: package dependencies
Result: ERROR
Package required but not available: ‘geojsonsf’
See section ‘The DESCRIPTION file’ in the ‘Writing R Extensions’
manual.
Flavors: r-devel-linux-x86_64-debian-clang, r-devel-linux-x86_64-debian-gcc, r-devel-linux-x86_64-fedora-clang, r-devel-linux-x86_64-fedora-gcc