Last updated on 2024-08-16 06:50:12 CEST.
Flavor | Version | Tinstall | Tcheck | Ttotal | Status | Flags |
---|---|---|---|---|---|---|
r-devel-linux-x86_64-debian-clang | 3.2-1 | 24.57 | 189.14 | 213.71 | NOTE | |
r-devel-linux-x86_64-debian-gcc | 3.2-1 | 16.61 | 125.70 | 142.31 | NOTE | |
r-devel-linux-x86_64-fedora-clang | 3.2-1 | 338.99 | NOTE | |||
r-devel-linux-x86_64-fedora-gcc | 3.2-1 | 321.69 | NOTE | |||
r-devel-windows-x86_64 | 3.2-1 | 36.00 | 233.00 | 269.00 | NOTE | |
r-patched-linux-x86_64 | 3.2-1 | 29.37 | 174.19 | 203.56 | NOTE | |
r-release-linux-x86_64 | 3.2-1 | 23.15 | 174.98 | 198.13 | NOTE | |
r-release-macos-arm64 | 3.2-1 | 87.00 | NOTE | |||
r-release-macos-x86_64 | 3.2-1 | 224.00 | NOTE | |||
r-release-windows-x86_64 | 3.2-1 | 38.00 | 226.00 | 264.00 | NOTE | |
r-oldrel-macos-arm64 | 3.2-1 | 100.00 | NOTE | |||
r-oldrel-macos-x86_64 | 3.2-1 | 263.00 | NOTE | |||
r-oldrel-windows-x86_64 | 3.2-1 | 48.00 | 283.00 | 331.00 | NOTE |
Version: 3.2-1
Check: package dependencies
Result: NOTE
Depends: includes the non-default packages:
'spatstat.data', 'spatstat.univar', 'spatstat.geom',
'spatstat.random', 'spatstat.explore', 'spatstat.model'
Adding so many packages to the search path is excessive and importing
selectively is preferable.
Flavors: r-devel-linux-x86_64-debian-clang, r-devel-linux-x86_64-debian-gcc, r-devel-linux-x86_64-fedora-clang, r-devel-linux-x86_64-fedora-gcc, r-devel-windows-x86_64, r-patched-linux-x86_64, r-release-linux-x86_64, r-release-macos-arm64, r-release-macos-x86_64, r-release-windows-x86_64, r-oldrel-macos-arm64, r-oldrel-macos-x86_64, r-oldrel-windows-x86_64