Last updated on 2025-11-26 05:51:52 CET.
| Flavor | Version | Tinstall | Tcheck | Ttotal | Status | Flags |
|---|---|---|---|---|---|---|
| r-devel-linux-x86_64-debian-clang | 0.1.0 | 6.31 | 59.30 | 65.61 | OK | |
| r-devel-linux-x86_64-debian-gcc | 0.1.0 | 4.78 | 43.97 | 48.75 | OK | |
| r-devel-linux-x86_64-fedora-clang | 0.1.0 | 18.00 | 81.32 | 99.32 | OK | |
| r-devel-linux-x86_64-fedora-gcc | 0.1.0 | 12.00 | 79.87 | 91.87 | OK | |
| r-devel-windows-x86_64 | 0.1.0 | 8.00 | 66.00 | 74.00 | OK | |
| r-patched-linux-x86_64 | 0.1.0 | 6.19 | 55.89 | 62.08 | OK | |
| r-release-linux-x86_64 | 0.1.0 | 6.43 | 55.53 | 61.96 | OK | |
| r-release-macos-arm64 | 0.1.0 | OK | ||||
| r-release-macos-x86_64 | 0.1.0 | 6.00 | 49.00 | 55.00 | OK | |
| r-release-windows-x86_64 | 0.1.0 | 8.00 | 74.00 | 82.00 | OK | |
| r-oldrel-macos-arm64 | 0.1.0 | NOTE | ||||
| r-oldrel-macos-x86_64 | 0.1.0 | 4.00 | 42.00 | 46.00 | NOTE | |
| r-oldrel-windows-x86_64 | 0.1.0 | 9.00 | 81.00 | 90.00 | NOTE |
Version: 0.1.0
Check: LazyData
Result: NOTE
'LazyData' is specified without a 'data' directory
Flavors: r-oldrel-macos-arm64, r-oldrel-macos-x86_64, r-oldrel-windows-x86_64