Last updated on 2025-11-26 05:51:52 CET.
| Flavor | Version | Tinstall | Tcheck | Ttotal | Status | Flags |
|---|---|---|---|---|---|---|
| r-devel-linux-x86_64-debian-clang | 0.4.4.7 | 152.05 | 234.51 | 386.56 | ERROR | |
| r-devel-linux-x86_64-debian-gcc | 0.4.4.7 | 106.24 | 151.17 | 257.41 | ERROR | |
| r-devel-linux-x86_64-fedora-clang | 0.4.4.7 | 720.00 | -35.13 | 684.87 | ERROR | |
| r-devel-linux-x86_64-fedora-gcc | 0.4.4.7 | 429.00 | 276.08 | 705.08 | ERROR | |
| r-devel-windows-x86_64 | 0.4.4.7 | 191.00 | 310.00 | 501.00 | OK | |
| r-patched-linux-x86_64 | 0.4.4.7 | 165.55 | 278.46 | 444.01 | OK | |
| r-release-linux-x86_64 | 0.4.4.7 | 162.48 | 279.58 | 442.06 | OK | |
| r-release-macos-arm64 | 0.4.4.7 | OK | ||||
| r-release-macos-x86_64 | 0.4.4.7 | 60.00 | 273.00 | 333.00 | OK | |
| r-release-windows-x86_64 | 0.4.4.7 | 178.00 | 335.00 | 513.00 | OK | |
| r-oldrel-macos-arm64 | 0.4.4.7 | NOTE | ||||
| r-oldrel-macos-x86_64 | 0.4.4.7 | 54.00 | 263.00 | 317.00 | NOTE | |
| r-oldrel-windows-x86_64 | 0.4.4.7 | 206.00 | 413.00 | 619.00 | NOTE |
Version: 0.4.4.7
Check: re-building of vignette outputs
Result: ERROR
Error(s) in re-building vignettes:
...
--- re-building ‘KNetworkFunctions.Rmd’ using rmarkdown
Quitting from KNetworkFunctions.Rmd:63-77 [unnamed-chunk-2]
~~~~~~~~~~~~~~~~~~~~~~~~~~~~~~~~~~~~~~~~~~~~~~~~~~~~~~~~~~~~~~~~~~~~~~~~~~~~~~~~
<error/rlang_error>
Error in `library()`:
! there is no package called 'tmap'
---
Backtrace:
▆
1. └─base::library(tmap)
~~~~~~~~~~~~~~~~~~~~~~~~~~~~~~~~~~~~~~~~~~~~~~~~~~~~~~~~~~~~~~~~~~~~~~~~~~~~~~~~
Error: processing vignette 'KNetworkFunctions.Rmd' failed with diagnostics:
there is no package called 'tmap'
--- failed re-building ‘KNetworkFunctions.Rmd’
--- re-building ‘NKDE.Rmd’ using rmarkdown
Quitting from NKDE.Rmd:313-331 [unnamed-chunk-5]
~~~~~~~~~~~~~~~~~~~~~~~~~~~~~~~~~~~~~~~~~~~~~~~~~~~~~~~~~~~~~~~~~~~~~~~~~~~~~~~~
<error/rlang_error>
Error in `library()`:
! there is no package called 'tmap'
---
Backtrace:
▆
1. └─base::library(tmap)
~~~~~~~~~~~~~~~~~~~~~~~~~~~~~~~~~~~~~~~~~~~~~~~~~~~~~~~~~~~~~~~~~~~~~~~~~~~~~~~~
Error: processing vignette 'NKDE.Rmd' failed with diagnostics:
there is no package called 'tmap'
--- failed re-building ‘NKDE.Rmd’
--- re-building ‘NetworkBuilding.Rmd’ using rmarkdown
Quitting from NetworkBuilding.Rmd:36-51 [unnamed-chunk-1]
~~~~~~~~~~~~~~~~~~~~~~~~~~~~~~~~~~~~~~~~~~~~~~~~~~~~~~~~~~~~~~~~~~~~~~~~~~~~~~~~
<error/rlang_error>
Error in `library()`:
! there is no package called 'tmap'
---
Backtrace:
▆
1. └─base::library(tmap)
~~~~~~~~~~~~~~~~~~~~~~~~~~~~~~~~~~~~~~~~~~~~~~~~~~~~~~~~~~~~~~~~~~~~~~~~~~~~~~~~
Error: processing vignette 'NetworkBuilding.Rmd' failed with diagnostics:
there is no package called 'tmap'
--- failed re-building ‘NetworkBuilding.Rmd’
--- re-building ‘SpatialWeightMatrices.Rmd’ using rmarkdown
[WARNING] Deprecated: --highlight-style. Use --syntax-highlighting instead.
--- finished re-building ‘SpatialWeightMatrices.Rmd’
--- re-building ‘TNKDE.Rmd’ using rmarkdown
Quitting from TNKDE.Rmd:62-87 [unnamed-chunk-2]
~~~~~~~~~~~~~~~~~~~~~~~~~~~~~~~~~~~~~~~~~~~~~~~~~~~~~~~~~~~~~~~~~~~~~~~~~~~~~~~~
<error/rlang_error>
Error in `library()`:
! there is no package called 'tmap'
---
Backtrace:
▆
1. └─base::library(tmap)
~~~~~~~~~~~~~~~~~~~~~~~~~~~~~~~~~~~~~~~~~~~~~~~~~~~~~~~~~~~~~~~~~~~~~~~~~~~~~~~~
Error: processing vignette 'TNKDE.Rmd' failed with diagnostics:
there is no package called 'tmap'
--- failed re-building ‘TNKDE.Rmd’
SUMMARY: processing the following files failed:
‘KNetworkFunctions.Rmd’ ‘NKDE.Rmd’ ‘NetworkBuilding.Rmd’ ‘TNKDE.Rmd’
Error: Vignette re-building failed.
Execution halted
Flavors: r-devel-linux-x86_64-debian-clang, r-devel-linux-x86_64-debian-gcc
Version: 0.4.4.7
Check: re-building of vignette outputs
Result: ERROR
Error(s) in re-building vignettes:
--- re-building ‘KNetworkFunctions.Rmd’ using rmarkdown
Quitting from KNetworkFunctions.Rmd:63-77 [unnamed-chunk-2]
~~~~~~~~~~~~~~~~~~~~~~~~~~~~~~~~~~~~~~~~~~~~~~~~~~~~~~~~~~~~~~~~~~~~~~~~~~~~~~~~
<error/rlang_error>
Error in `library()`:
! there is no package called 'tmap'
---
Backtrace:
▆
1. └─base::library(tmap)
~~~~~~~~~~~~~~~~~~~~~~~~~~~~~~~~~~~~~~~~~~~~~~~~~~~~~~~~~~~~~~~~~~~~~~~~~~~~~~~~
Error: processing vignette 'KNetworkFunctions.Rmd' failed with diagnostics:
there is no package called 'tmap'
--- failed re-building ‘KNetworkFunctions.Rmd’
--- re-building ‘NKDE.Rmd’ using rmarkdown
Quitting from NKDE.Rmd:313-331 [unnamed-chunk-5]
~~~~~~~~~~~~~~~~~~~~~~~~~~~~~~~~~~~~~~~~~~~~~~~~~~~~~~~~~~~~~~~~~~~~~~~~~~~~~~~~
<error/rlang_error>
Error in `library()`:
! there is no package called 'tmap'
---
Backtrace:
▆
1. └─base::library(tmap)
~~~~~~~~~~~~~~~~~~~~~~~~~~~~~~~~~~~~~~~~~~~~~~~~~~~~~~~~~~~~~~~~~~~~~~~~~~~~~~~~
Error: processing vignette 'NKDE.Rmd' failed with diagnostics:
there is no package called 'tmap'
--- failed re-building ‘NKDE.Rmd’
--- re-building ‘NetworkBuilding.Rmd’ using rmarkdown
Quitting from NetworkBuilding.Rmd:36-51 [unnamed-chunk-1]
~~~~~~~~~~~~~~~~~~~~~~~~~~~~~~~~~~~~~~~~~~~~~~~~~~~~~~~~~~~~~~~~~~~~~~~~~~~~~~~~
<error/rlang_error>
Error in `library()`:
! there is no package called 'tmap'
---
Backtrace:
▆
1. └─base::library(tmap)
~~~~~~~~~~~~~~~~~~~~~~~~~~~~~~~~~~~~~~~~~~~~~~~~~~~~~~~~~~~~~~~~~~~~~~~~~~~~~~~~
Error: processing vignette 'NetworkBuilding.Rmd' failed with diagnostics:
there is no package called 'tmap'
--- failed re-building ‘NetworkBuilding.Rmd’
--- re-building ‘SpatialWeightMatrices.Rmd’ using rmarkdown
[WARNING] Deprecated: --highlight-style. Use --syntax-highlighting instead.
--- finished re-building ‘SpatialWeightMatrices.Rmd’
--- re-building ‘TNKDE.Rmd’ using rmarkdown
Quitting from TNKDE.Rmd:62-87 [unnamed-chunk-2]
~~~~~~~~~~~~~~~~~~~~~~~~~~~~~~~~~~~~~~~~~~~~~~~~~~~~~~~~~~~~~~~~~~~~~~~~~~~~~~~~
<error/rlang_error>
Error in `library()`:
! there is no package called 'tmap'
---
Backtrace:
▆
1. └─base::library(tmap)
~~~~~~~~~~~~~~~~~~~~~~~~~~~~~~~~~~~~~~~~~~~~~~~~~~~~~~~~~~~~~~~~~~~~~~~~~~~~~~~~
Error: processing vignette 'TNKDE.Rmd' failed with diagnostics:
there is no package called 'tmap'
--- failed re-building ‘TNKDE.Rmd’
SUMMARY: processing the following files failed:
‘KNetworkFunctions.Rmd’ ‘NKDE.Rmd’ ‘NetworkBuilding.Rmd’ ‘TNKDE.Rmd’
Error: Vignette re-building failed.
Execution halted
Flavors: r-devel-linux-x86_64-fedora-clang, r-devel-linux-x86_64-fedora-gcc
Version: 0.4.4.7
Check: installed package size
Result: NOTE
installed size is 17.7Mb
sub-directories of 1Mb or more:
doc 1.0Mb
extdata 2.6Mb
libs 12.6Mb
Flavors: r-oldrel-macos-arm64, r-oldrel-macos-x86_64, r-oldrel-windows-x86_64