Last updated on 2025-11-26 05:51:52 CET.
| Flavor | Version | Tinstall | Tcheck | Ttotal | Status | Flags |
|---|---|---|---|---|---|---|
| r-devel-linux-x86_64-debian-clang | 2.2-0 | 18.08 | 194.62 | 212.70 | ERROR | |
| r-devel-linux-x86_64-debian-gcc | 2.2-0 | 12.32 | 140.08 | 152.40 | ERROR | |
| r-devel-linux-x86_64-fedora-clang | 2.2-0 | 45.00 | 246.04 | 291.04 | ERROR | |
| r-devel-linux-x86_64-fedora-gcc | 2.2-0 | 45.00 | 266.53 | 311.53 | ERROR | |
| r-devel-windows-x86_64 | 2.2-0 | 28.00 | 211.00 | 239.00 | OK | |
| r-patched-linux-x86_64 | 2.2-0 | 17.11 | 196.22 | 213.33 | OK | |
| r-release-linux-x86_64 | 2.2-0 | 17.35 | 195.50 | 212.85 | OK | |
| r-release-macos-arm64 | 2.2-0 | OK | ||||
| r-release-macos-x86_64 | 2.2-0 | 19.00 | 162.00 | 181.00 | OK | |
| r-release-windows-x86_64 | 2.2-0 | 26.00 | 261.00 | 287.00 | OK | |
| r-oldrel-macos-arm64 | 2.2-0 | NOTE | ||||
| r-oldrel-macos-x86_64 | 2.2-0 | 29.00 | 258.00 | 287.00 | NOTE | |
| r-oldrel-windows-x86_64 | 2.2-0 | 29.00 | 262.00 | 291.00 | NOTE |
Version: 2.2-0
Check: re-building of vignette outputs
Result: ERROR
Error(s) in re-building vignettes:
...
--- re-building ‘CRS_warnings.Rmd’ using rmarkdown
--- finished re-building ‘CRS_warnings.Rmd’
--- re-building ‘retiring_rgdal_geos_1.Rmd’ using rmarkdown
--- finished re-building ‘retiring_rgdal_geos_1.Rmd’
--- re-building ‘sp_gallery.Rmd’ using rmarkdown
Quitting from sp_gallery.Rmd:428-431 [unnamed-chunk-29]
~~~~~~~~~~~~~~~~~~~~~~~~~~~~~~~~~~~~~~~~~~~~~~~~~~~~~~~~~~~~~~~~~~~~~~~~~~~~~~~~
<error/rlang_error>
Error in `library()`:
! there is no package called 'mapview'
---
Backtrace:
▆
1. └─base::library(mapview)
~~~~~~~~~~~~~~~~~~~~~~~~~~~~~~~~~~~~~~~~~~~~~~~~~~~~~~~~~~~~~~~~~~~~~~~~~~~~~~~~
Error: processing vignette 'sp_gallery.Rmd' failed with diagnostics:
there is no package called 'mapview'
--- failed re-building ‘sp_gallery.Rmd’
--- re-building ‘csdacm.Rnw’ using Sweave
--- finished re-building ‘csdacm.Rnw’
--- re-building ‘intro_sp.Rnw’ using Sweave
--- finished re-building ‘intro_sp.Rnw’
SUMMARY: processing the following file failed:
‘sp_gallery.Rmd’
Error: Vignette re-building failed.
Execution halted
Flavors: r-devel-linux-x86_64-debian-clang, r-devel-linux-x86_64-debian-gcc
Version: 2.2-0
Check: re-building of vignette outputs
Result: ERROR
Error(s) in re-building vignettes:
--- re-building ‘CRS_warnings.Rmd’ using rmarkdown
--- finished re-building ‘CRS_warnings.Rmd’
--- re-building ‘retiring_rgdal_geos_1.Rmd’ using rmarkdown
--- finished re-building ‘retiring_rgdal_geos_1.Rmd’
--- re-building ‘sp_gallery.Rmd’ using rmarkdown
OMP: Warning #96: Cannot form a team with 24 threads, using 2 instead.
OMP: Hint Consider unsetting KMP_DEVICE_THREAD_LIMIT (KMP_ALL_THREADS), KMP_TEAMS_THREAD_LIMIT, and OMP_THREAD_LIMIT (if any are set).
Quitting from sp_gallery.Rmd:428-431 [unnamed-chunk-29]
~~~~~~~~~~~~~~~~~~~~~~~~~~~~~~~~~~~~~~~~~~~~~~~~~~~~~~~~~~~~~~~~~~~~~~~~~~~~~~~~
<error/rlang_error>
Error in `library()`:
! there is no package called 'mapview'
---
Backtrace:
▆
1. └─base::library(mapview)
~~~~~~~~~~~~~~~~~~~~~~~~~~~~~~~~~~~~~~~~~~~~~~~~~~~~~~~~~~~~~~~~~~~~~~~~~~~~~~~~
Error: processing vignette 'sp_gallery.Rmd' failed with diagnostics:
there is no package called 'mapview'
--- failed re-building ‘sp_gallery.Rmd’
--- re-building ‘csdacm.Rnw’ using Sweave
OMP: Warning #96: Cannot form a team with 24 threads, using 2 instead.
OMP: Hint Consider unsetting KMP_DEVICE_THREAD_LIMIT (KMP_ALL_THREADS), KMP_TEAMS_THREAD_LIMIT, and OMP_THREAD_LIMIT (if any are set).
--- finished re-building ‘csdacm.Rnw’
--- re-building ‘intro_sp.Rnw’ using Sweave
--- finished re-building ‘intro_sp.Rnw’
SUMMARY: processing the following file failed:
‘sp_gallery.Rmd’
Error: Vignette re-building failed.
Execution halted
Flavor: r-devel-linux-x86_64-fedora-clang
Version: 2.2-0
Check: re-building of vignette outputs
Result: ERROR
Error(s) in re-building vignettes:
--- re-building ‘CRS_warnings.Rmd’ using rmarkdown
--- finished re-building ‘CRS_warnings.Rmd’
--- re-building ‘retiring_rgdal_geos_1.Rmd’ using rmarkdown
--- finished re-building ‘retiring_rgdal_geos_1.Rmd’
--- re-building ‘sp_gallery.Rmd’ using rmarkdown
Quitting from sp_gallery.Rmd:428-431 [unnamed-chunk-29]
~~~~~~~~~~~~~~~~~~~~~~~~~~~~~~~~~~~~~~~~~~~~~~~~~~~~~~~~~~~~~~~~~~~~~~~~~~~~~~~~
<error/rlang_error>
Error in `library()`:
! there is no package called 'mapview'
---
Backtrace:
▆
1. └─base::library(mapview)
~~~~~~~~~~~~~~~~~~~~~~~~~~~~~~~~~~~~~~~~~~~~~~~~~~~~~~~~~~~~~~~~~~~~~~~~~~~~~~~~
Error: processing vignette 'sp_gallery.Rmd' failed with diagnostics:
there is no package called 'mapview'
--- failed re-building ‘sp_gallery.Rmd’
--- re-building ‘csdacm.Rnw’ using Sweave
--- finished re-building ‘csdacm.Rnw’
--- re-building ‘intro_sp.Rnw’ using Sweave
--- finished re-building ‘intro_sp.Rnw’
SUMMARY: processing the following file failed:
‘sp_gallery.Rmd’
Error: Vignette re-building failed.
Execution halted
Flavor: r-devel-linux-x86_64-fedora-gcc
Version: 2.2-0
Check: installed package size
Result: NOTE
installed size is 9.2Mb
sub-directories of 1Mb or more:
doc 7.6Mb
Flavors: r-oldrel-macos-arm64, r-oldrel-macos-x86_64, r-oldrel-windows-x86_64