Last updated on 2025-06-30 18:49:53 CEST.
Flavor | Version | Tinstall | Tcheck | Ttotal | Status | Flags |
---|---|---|---|---|---|---|
r-devel-linux-x86_64-debian-clang | 0.6.2 | 3.76 | 66.85 | 70.61 | OK | |
r-devel-linux-x86_64-debian-gcc | 0.6.2 | 2.52 | 50.00 | 52.52 | OK | |
r-devel-linux-x86_64-fedora-clang | 0.6.2 | 255.52 | OK | |||
r-devel-linux-x86_64-fedora-gcc | 0.6.2 | 113.08 | OK | |||
r-devel-windows-x86_64 | 0.6.2 | 6.00 | 94.00 | 100.00 | OK | |
r-patched-linux-x86_64 | OK | |||||
r-release-linux-x86_64 | 0.6.2 | 2.85 | 62.20 | 65.05 | OK | |
r-release-macos-arm64 | 0.6.2 | 43.00 | OK | |||
r-release-macos-x86_64 | 0.6.2 | 67.00 | OK | |||
r-release-windows-x86_64 | 0.6.2 | 7.00 | 1038.00 | 1045.00 | ERROR | |
r-oldrel-macos-arm64 | 0.6.2 | 69.00 | OK | |||
r-oldrel-macos-x86_64 | 0.6.2 | 91.00 | OK | |||
r-oldrel-windows-x86_64 | 0.6.2 | 8.00 | 107.00 | 115.00 | OK |
Version: 0.6.2
Check: tests
Result: ERROR
Running 'testthat.R' [16m]
Running the tests in 'tests/testthat.R' failed.
Complete output:
> # This file is part of the standard setup for testthat.
> # It is recommended that you do not modify it.
> #
> # Where should you do additional test configuration?
> # Learn more about the roles of various files in:
> # * https://r-pkgs.org/testing-design.html#sec-tests-files-overview
> # * https://testthat.r-lib.org/articles/special-files.html
>
> library(testthat)
> library(sourcoise)
>
> test_check("sourcoise")
✔ 'synthetic.r' executed in 0 s. for 22 kB of data
✔ 'synthetic.r' executed in 0 s. for 4 kB of data
ℹ Total refresh in 1 seconds for 26 kB of data
✖ 'prix_insee.r' failed, no cache:
ℹ No cache data
[ FAIL 7 | WARN 0 | SKIP 0 | PASS 12 ]
══ Failed tests ════════════════════════════════════════════════════════════════
── Failure ('test-sourcoise.R:20:3'): We get data ──────────────────────────────
Execution is wrong
── Failure ('test-sourcoise.R:50:3'): prevent works ────────────────────────────
prevent fails
── Failure ('test-sourcoise.R:72:3'): sourcoise_meta ───────────────────────────
no metadata returned
── Error ('test-sourcoise.R:74:3'): sourcoise_meta ─────────────────────────────
Error in `if (ok) "success" else "failure"`: argument is of length zero
Backtrace:
▆
1. └─testthat::expect(...) at test-sourcoise.R:74:3
── Failure ('test-sourcoise.R:112:3'): sourcoise_status ────────────────────────
status is not a non empty tibble
── Failure ('test-sourcoise.R:117:3'): sourcoise_status ────────────────────────
status is not well formed
── Error ('test-sourcoise.R:126:3'): sourcoise_refresh ─────────────────────────
Error in `if (ok) "success" else "failure"`: argument is of length zero
Backtrace:
▆
1. └─testthat::expect(length(sr) == 4 & sr$ok[[1]] == "exec", "Refresh did not worked") at test-sourcoise.R:126:3
[ FAIL 7 | WARN 0 | SKIP 0 | PASS 12 ]
Error: Test failures
Execution halted
Flavor: r-release-windows-x86_64