Last updated on 2025-11-26 05:51:52 CET.
| Flavor | Version | Tinstall | Tcheck | Ttotal | Status | Flags |
|---|---|---|---|---|---|---|
| r-devel-linux-x86_64-debian-clang | 0.4.0 | 4.53 | 44.90 | 49.43 | NOTE | |
| r-devel-linux-x86_64-debian-gcc | 0.4.0 | 3.07 | 33.52 | 36.59 | NOTE | |
| r-devel-linux-x86_64-fedora-clang | 0.4.0 | 72.89 | NOTE | |||
| r-devel-linux-x86_64-fedora-gcc | 0.4.0 | 83.88 | NOTE | |||
| r-devel-windows-x86_64 | 0.4.0 | 6.00 | 68.00 | 74.00 | NOTE | |
| r-patched-linux-x86_64 | 0.4.0 | 4.22 | 40.35 | 44.57 | NOTE | |
| r-release-linux-x86_64 | 0.4.0 | 3.05 | 39.43 | 42.48 | NOTE | |
| r-release-macos-arm64 | 0.4.0 | NOTE | ||||
| r-release-macos-x86_64 | 0.4.0 | 3.00 | 50.00 | 53.00 | NOTE | |
| r-release-windows-x86_64 | 0.4.0 | 6.00 | 75.00 | 81.00 | NOTE | |
| r-oldrel-macos-arm64 | 0.4.0 | NOTE | ||||
| r-oldrel-macos-x86_64 | 0.4.0 | 3.00 | 38.00 | 41.00 | NOTE | |
| r-oldrel-windows-x86_64 | 0.4.0 | 9.00 | 78.00 | 87.00 | NOTE |
Version: 0.4.0
Check: Rd files
Result: NOTE
checkRd: (-1) db_compact.Rd:41: Lost braces; missing escapes or markup?
41 | database structure will be set to true. See GET /{db}. You can also obtain a list of
| ^
Flavors: r-devel-linux-x86_64-debian-clang, r-devel-linux-x86_64-debian-gcc, r-devel-linux-x86_64-fedora-clang, r-devel-linux-x86_64-fedora-gcc, r-devel-windows-x86_64, r-patched-linux-x86_64, r-release-linux-x86_64, r-release-macos-arm64, r-release-macos-x86_64, r-release-windows-x86_64, r-oldrel-macos-arm64, r-oldrel-macos-x86_64, r-oldrel-windows-x86_64