Last updated on 2025-02-10 17:49:23 CET.
Flavor | Version | Tinstall | Tcheck | Ttotal | Status | Flags |
---|---|---|---|---|---|---|
r-devel-linux-x86_64-debian-clang | 0.1.2 | 1.79 | 17.37 | 19.16 | NOTE | |
r-devel-linux-x86_64-debian-gcc | 0.1.2 | 1.41 | 14.31 | 15.72 | NOTE | |
r-devel-linux-x86_64-fedora-clang | 0.1.2 | 31.29 | NOTE | |||
r-devel-linux-x86_64-fedora-gcc | 0.1.2 | 29.92 | NOTE | |||
r-devel-windows-x86_64 | 0.1.2 | 3.00 | 37.00 | 40.00 | NOTE | |
r-patched-linux-x86_64 | 0.1.2 | 1.92 | 16.61 | 18.53 | NOTE | |
r-release-linux-x86_64 | 0.1.2 | 1.74 | 16.63 | 18.37 | NOTE | |
r-release-macos-arm64 | 0.1.2 | 14.00 | NOTE | |||
r-release-macos-x86_64 | 0.1.2 | 20.00 | NOTE | |||
r-release-windows-x86_64 | 0.1.2 | 3.00 | 36.00 | 39.00 | NOTE | |
r-oldrel-macos-arm64 | 0.1.2 | 15.00 | NOTE | |||
r-oldrel-macos-x86_64 | 0.1.2 | 19.00 | NOTE | |||
r-oldrel-windows-x86_64 | 0.1.2 | 3.00 | 36.00 | 39.00 | NOTE |
Version: 0.1.2
Check: DESCRIPTION meta-information
Result: NOTE
Malformed Description field: should contain one or more complete sentences.
Flavors: r-devel-linux-x86_64-debian-clang, r-devel-linux-x86_64-debian-gcc, r-devel-linux-x86_64-fedora-clang, r-devel-linux-x86_64-fedora-gcc, r-devel-windows-x86_64, r-patched-linux-x86_64, r-release-linux-x86_64, r-release-macos-arm64, r-release-macos-x86_64, r-release-windows-x86_64, r-oldrel-macos-arm64, r-oldrel-macos-x86_64, r-oldrel-windows-x86_64