CRAN Package Check Results for Package smoke

Last updated on 2025-11-26 05:51:51 CET.

Flavor Version Tinstall Tcheck Ttotal Status Flags
r-devel-linux-x86_64-debian-clang 2.0.1 4.20 31.98 36.18 NOTE
r-devel-linux-x86_64-debian-gcc 2.0.1 3.33 25.80 29.13 NOTE
r-devel-linux-x86_64-fedora-clang 2.0.1 11.00 44.45 55.45 OK
r-devel-linux-x86_64-fedora-gcc 2.0.1 10.00 41.32 51.32 OK
r-devel-windows-x86_64 2.0.1 8.00 55.00 63.00 OK
r-patched-linux-x86_64 2.0.1 4.85 29.35 34.20 OK
r-release-linux-x86_64 2.0.1 4.85 29.11 33.96 OK
r-release-macos-arm64 2.0.1 OK
r-release-macos-x86_64 2.0.1 4.00 29.00 33.00 OK
r-release-windows-x86_64 2.0.1 6.00 71.00 77.00 OK
r-oldrel-macos-arm64 2.0.1 OK
r-oldrel-macos-x86_64 2.0.1 3.00 25.00 28.00 OK
r-oldrel-windows-x86_64 2.0.1 8.00 64.00 72.00 OK

Check Details

Version: 2.0.1
Check: CRAN incoming feasibility
Result: NOTE Maintainer: ‘Qingan Sun <quinsun@gmail.com>’ No Authors@R field in DESCRIPTION. Please add one, modifying Authors@R: c(person(given = "Qingan", family = "Sun", role = c("aut", "cre"), email = "quinsun@gmail.com"), person(given = "Xiaojun", family = "Li", role = "aut"), person(given = c("James", "C"), family = "Sacchettini", role = "aut")) as necessary. Flavors: r-devel-linux-x86_64-debian-clang, r-devel-linux-x86_64-debian-gcc