Last updated on 2024-06-29 06:49:53 CEST.
Flavor | Version | Tinstall | Tcheck | Ttotal | Status | Flags |
---|---|---|---|---|---|---|
r-devel-linux-x86_64-debian-clang | 1.8.3 | 56.09 | 313.69 | 369.78 | NOTE | |
r-devel-linux-x86_64-debian-gcc | 1.8.3 | 38.22 | 208.70 | 246.92 | NOTE | |
r-devel-linux-x86_64-fedora-clang | 1.8.3 | 469.37 | NOTE | |||
r-devel-linux-x86_64-fedora-gcc | 1.8.3 | 470.10 | NOTE | |||
r-devel-windows-x86_64 | 1.8.3 | 47.00 | 269.00 | 316.00 | NOTE | |
r-patched-linux-x86_64 | 1.8.3 | 45.49 | 296.82 | 342.31 | NOTE | |
r-release-linux-x86_64 | 1.8.3 | 48.07 | 302.52 | 350.59 | NOTE | |
r-release-macos-arm64 | 1.8.3 | 141.00 | OK | |||
r-release-macos-x86_64 | 1.8.3 | 207.00 | OK | |||
r-release-windows-x86_64 | 1.8.3 | 47.00 | 267.00 | 314.00 | NOTE | |
r-oldrel-macos-arm64 | 1.8.3 | 169.00 | OK | |||
r-oldrel-macos-x86_64 | 1.8.3 | 356.00 | OK | |||
r-oldrel-windows-x86_64 | 1.8.3 | 51.00 | 323.00 | 374.00 | OK |
Version: 1.8.3
Check: HTML version of manual
Result: NOTE
Found the following HTML validation problems:
summary.smerc_cluster.html:48:1 (summary.smerc_cluster.Rd:15): Warning: trimming empty <dt>
Flavors: r-devel-linux-x86_64-debian-clang, r-devel-linux-x86_64-debian-gcc, r-devel-linux-x86_64-fedora-clang, r-devel-linux-x86_64-fedora-gcc, r-devel-windows-x86_64, r-patched-linux-x86_64, r-release-linux-x86_64, r-release-windows-x86_64