Last updated on 2025-02-10 17:49:23 CET.
Flavor | Version | Tinstall | Tcheck | Ttotal | Status | Flags |
---|---|---|---|---|---|---|
r-devel-linux-x86_64-debian-clang | 2.1.5 | 5.68 | 77.92 | 83.60 | NOTE | |
r-devel-linux-x86_64-debian-gcc | 2.1.5 | 3.55 | 55.62 | 59.17 | NOTE | |
r-devel-linux-x86_64-fedora-clang | 2.1.5 | 135.36 | OK | |||
r-devel-linux-x86_64-fedora-gcc | 2.1.5 | 150.53 | OK | |||
r-devel-windows-x86_64 | 2.1.5 | 7.00 | 92.00 | 99.00 | NOTE | |
r-patched-linux-x86_64 | 2.1.5 | 11.09 | 72.13 | 83.22 | OK | |
r-release-linux-x86_64 | 2.1.5 | 4.60 | 75.05 | 79.65 | OK | |
r-release-macos-arm64 | 2.1.5 | 53.00 | OK | |||
r-release-macos-x86_64 | 2.1.5 | 80.00 | OK | |||
r-release-windows-x86_64 | 2.1.5 | 9.00 | 92.00 | 101.00 | OK | |
r-oldrel-macos-arm64 | 2.1.5 | 54.00 | OK | |||
r-oldrel-macos-x86_64 | 2.1.5 | 84.00 | OK | |||
r-oldrel-windows-x86_64 | 2.1.5 | 9.00 | 116.00 | 125.00 | OK |
Version: 2.1.5
Check: Rd cross-references
Result: NOTE
Found the following Rd file(s) with Rd \link{} targets missing package
anchors:
knit_print.Rd: collapse
print.Rd: tbl_format_setup
Please provide package anchors for all Rd \link{} targets not in the
package itself and the base packages.
Flavors: r-devel-linux-x86_64-debian-clang, r-devel-linux-x86_64-debian-gcc, r-devel-windows-x86_64