Last updated on 2024-08-16 06:50:12 CEST.
Flavor | Version | Tinstall | Tcheck | Ttotal | Status | Flags |
---|---|---|---|---|---|---|
r-devel-linux-x86_64-debian-clang | 0.19.0 | 5.62 | 72.98 | 78.60 | OK | |
r-devel-linux-x86_64-debian-gcc | 0.19.0 | 4.01 | 52.20 | 56.21 | OK | |
r-devel-linux-x86_64-fedora-clang | 0.19.0 | 123.31 | NOTE | |||
r-devel-linux-x86_64-fedora-gcc | 0.19.0 | 110.50 | OK | |||
r-devel-windows-x86_64 | 0.19.0 | 6.00 | 94.00 | 100.00 | OK | |
r-patched-linux-x86_64 | 0.19.0 | 5.45 | 69.89 | 75.34 | OK | |
r-release-linux-x86_64 | 0.19.0 | 4.41 | 69.32 | 73.73 | OK | |
r-release-macos-arm64 | 0.19.0 | 34.00 | OK | |||
r-release-macos-x86_64 | 0.19.0 | 51.00 | OK | |||
r-release-windows-x86_64 | 0.19.0 | 7.00 | 95.00 | 102.00 | OK | |
r-oldrel-macos-arm64 | 0.19.0 | 34.00 | OK | |||
r-oldrel-macos-x86_64 | 0.19.0 | 66.00 | OK | |||
r-oldrel-windows-x86_64 | 0.19.0 | 8.00 | 113.00 | 121.00 | OK |
Version: 0.19.0
Check: Rd cross-references
Result: NOTE
Undeclared package ‘modelr’ in Rd xrefs
Flavor: r-devel-linux-x86_64-fedora-clang