Last updated on 2025-02-10 17:49:23 CET.
Flavor | Version | Tinstall | Tcheck | Ttotal | Status | Flags |
---|---|---|---|---|---|---|
r-devel-linux-x86_64-debian-clang | 0.8.1 | 1.47 | 21.96 | 23.43 | NOTE | |
r-devel-linux-x86_64-debian-gcc | 0.8.1 | 1.52 | 17.43 | 18.95 | NOTE | |
r-devel-linux-x86_64-fedora-clang | 0.8.1 | 39.64 | NOTE | |||
r-devel-linux-x86_64-fedora-gcc | 0.8.1 | 36.03 | NOTE | |||
r-devel-windows-x86_64 | 0.8.1 | 3.00 | 44.00 | 47.00 | NOTE | |
r-patched-linux-x86_64 | 0.8.1 | 1.82 | 21.10 | 22.92 | NOTE | |
r-release-linux-x86_64 | 0.8.1 | 1.44 | 20.93 | 22.37 | NOTE | |
r-release-macos-arm64 | 0.8.1 | 18.00 | NOTE | |||
r-release-macos-x86_64 | 0.8.1 | 22.00 | NOTE | |||
r-release-windows-x86_64 | 0.8.1 | 4.00 | 43.00 | 47.00 | NOTE | |
r-oldrel-macos-arm64 | 0.8.1 | 20.00 | NOTE | |||
r-oldrel-macos-x86_64 | 0.8.1 | 24.00 | NOTE | |||
r-oldrel-windows-x86_64 | 0.8.1 | 3.00 | 46.00 | 49.00 | NOTE |
Version: 0.8.1
Check: package subdirectories
Result: NOTE
Problems with news in ‘NEWS.md’:
No news entries found.
Flavors: r-devel-linux-x86_64-debian-clang, r-devel-linux-x86_64-debian-gcc, r-devel-linux-x86_64-fedora-clang, r-devel-linux-x86_64-fedora-gcc, r-devel-windows-x86_64, r-patched-linux-x86_64, r-release-linux-x86_64, r-release-macos-arm64, r-release-macos-x86_64, r-release-windows-x86_64, r-oldrel-macos-arm64, r-oldrel-macos-x86_64, r-oldrel-windows-x86_64