CRAN Package Check Results for Package simulMGF

Last updated on 2025-11-26 05:51:51 CET.

Flavor Version Tinstall Tcheck Ttotal Status Flags
r-devel-linux-x86_64-debian-clang 0.1.1 1.76 21.31 23.07 NOTE
r-devel-linux-x86_64-debian-gcc 0.1.1 1.34 17.22 18.56 NOTE
r-devel-linux-x86_64-fedora-clang 0.1.1 34.22 OK
r-devel-linux-x86_64-fedora-gcc 0.1.1 32.04 OK
r-devel-windows-x86_64 0.1.1 4.00 39.00 43.00 OK
r-patched-linux-x86_64 0.1.1 1.95 19.92 21.87 OK
r-release-linux-x86_64 0.1.1 1.82 19.91 21.73 OK
r-release-macos-arm64 0.1.1 OK
r-release-macos-x86_64 0.1.1 2.00 22.00 24.00 OK
r-release-windows-x86_64 0.1.1 3.00 47.00 50.00 OK
r-oldrel-macos-arm64 0.1.1 OK
r-oldrel-macos-x86_64 0.1.1 2.00 19.00 21.00 OK
r-oldrel-windows-x86_64 0.1.1 5.00 44.00 49.00 OK

Check Details

Version: 0.1.1
Check: CRAN incoming feasibility
Result: NOTE Maintainer: ‘Martin Nahuel Garcia <garcia.martin@inta.gob.ar>’ No Authors@R field in DESCRIPTION. Please add one, modifying Authors@R: person(given = c("Martin", "Nahuel"), family = "Garcia", role = c("aut", "cre"), email = "garcia.martin@inta.gob.ar") as necessary. Flavors: r-devel-linux-x86_64-debian-clang, r-devel-linux-x86_64-debian-gcc