CRAN Package Check Results for Package simsem

Last updated on 2025-02-10 17:49:23 CET.

Flavor Version Tinstall Tcheck Ttotal Status Flags
r-devel-linux-x86_64-debian-clang 0.5-16 19.04 112.69 131.73 NOTE
r-devel-linux-x86_64-debian-gcc 0.5-16 11.77 74.22 85.99 NOTE
r-devel-linux-x86_64-fedora-clang 0.5-16 234.31 NOTE
r-devel-linux-x86_64-fedora-gcc 0.5-16 198.33 NOTE
r-devel-windows-x86_64 0.5-16 20.00 127.00 147.00 NOTE
r-patched-linux-x86_64 0.5-16 23.83 105.87 129.70 NOTE
r-release-linux-x86_64 0.5-16 18.94 106.99 125.93 NOTE
r-release-macos-arm64 0.5-16 50.00 NOTE
r-release-macos-x86_64 0.5-16 82.00 NOTE
r-release-windows-x86_64 0.5-16 18.00 127.00 145.00 NOTE
r-oldrel-macos-arm64 0.5-16 56.00 OK
r-oldrel-macos-x86_64 0.5-16 98.00 NOTE
r-oldrel-windows-x86_64 0.5-16 17.00 170.00 187.00 OK

Check Details

Version: 0.5-16
Check: Rd files
Result: NOTE checkRd: (-1) SimDataDist-class.Rd:28: Lost braces in \itemize; meant \describe ? checkRd: (-1) SimDataDist-class.Rd:29: Lost braces in \itemize; meant \describe ? checkRd: (-1) createData.Rd:7: Lost braces 7 | This function can be used to create data from a set of parameters created from \code{\link{draw}}, called a code{paramSet}. This function is used internally to create data, and is available publicly for accessibility and debugging. | ^ checkRd: (-1) exportData.Rd:7: Lost braces 7 | This function can be used to export data created from a set of parameters created from \code{\link{draw}}, called a code{paramSet}. This function can export data to be analyzed with either Mplus or LISREL. | ^ Flavors: r-devel-linux-x86_64-debian-clang, r-devel-linux-x86_64-debian-gcc, r-devel-linux-x86_64-fedora-clang, r-devel-linux-x86_64-fedora-gcc, r-devel-windows-x86_64, r-patched-linux-x86_64, r-release-linux-x86_64, r-release-macos-arm64, r-release-macos-x86_64, r-release-windows-x86_64

Version: 0.5-16
Check: Rd cross-references
Result: NOTE Found the following Rd file(s) with Rd \link{} targets missing package anchors: analyze.Rd: lavaan-class getExtraOutput.Rd: lavaan-class likRatioFit.Rd: lavaan-class modelLavaan.Rd: lavaan-class pValue.Rd: lavaan-class pValueNested.Rd: lavaan-class pValueNonNested.Rd: lavaan-class sim.Rd: lavaan-class Please provide package anchors for all Rd \link{} targets not in the package itself and the base packages. Flavors: r-devel-linux-x86_64-debian-clang, r-devel-linux-x86_64-debian-gcc, r-devel-windows-x86_64

Version: 0.5-16
Check: package dependencies
Result: NOTE Packages suggested but not available for checking: 'quantreg', 'semTools', 'OpenMx', 'copula' Flavor: r-oldrel-macos-x86_64

Version: 0.5-16
Check: Rd cross-references
Result: NOTE Package unavailable to check Rd xrefs: ‘copula’ Flavor: r-oldrel-macos-x86_64