Last updated on 2025-11-26 05:51:51 CET.
| Flavor | Version | Tinstall | Tcheck | Ttotal | Status | Flags |
|---|---|---|---|---|---|---|
| r-devel-linux-x86_64-debian-clang | 1.0.3 | 9.06 | 91.62 | 100.68 | NOTE | |
| r-devel-linux-x86_64-debian-gcc | 1.0.3 | 6.48 | 60.58 | 67.06 | NOTE | |
| r-devel-linux-x86_64-fedora-clang | 1.0.3 | 22.00 | 129.85 | 151.85 | NOTE | |
| r-devel-linux-x86_64-fedora-gcc | 1.0.3 | 20.00 | 122.82 | 142.82 | NOTE | |
| r-devel-windows-x86_64 | 1.0.3 | 14.00 | 101.00 | 115.00 | NOTE | |
| r-patched-linux-x86_64 | 1.0.3 | 10.96 | 81.56 | 92.52 | NOTE | |
| r-release-linux-x86_64 | 1.0.3 | 9.49 | 82.06 | 91.55 | NOTE | |
| r-release-macos-arm64 | 1.0.3 | NOTE | ||||
| r-release-macos-x86_64 | 1.0.3 | 7.00 | 55.00 | 62.00 | NOTE | |
| r-release-windows-x86_64 | 1.0.3 | 11.00 | 116.00 | 127.00 | NOTE | |
| r-oldrel-macos-arm64 | 1.0.3 | NOTE | ||||
| r-oldrel-macos-x86_64 | 1.0.3 | 7.00 | 44.00 | 51.00 | NOTE | |
| r-oldrel-windows-x86_64 | 1.0.3 | 16.00 | 127.00 | 143.00 | NOTE |
Version: 1.0.3
Check: Rd files
Result: NOTE
checkRd: (-1) create_modelDF.Rd:25-38: Lost braces
25 | convert_xlsx_to_csv<-function(xlsx_file){
| ^
checkRd: (-1) create_modelDF.Rd:33-36: Lost braces
33 | for (i in Sheetnames) {
| ^
Flavors: r-devel-linux-x86_64-debian-clang, r-devel-linux-x86_64-debian-gcc, r-devel-linux-x86_64-fedora-clang, r-devel-linux-x86_64-fedora-gcc, r-devel-windows-x86_64, r-patched-linux-x86_64, r-release-linux-x86_64, r-release-macos-arm64, r-release-macos-x86_64, r-release-windows-x86_64, r-oldrel-macos-arm64, r-oldrel-macos-x86_64, r-oldrel-windows-x86_64