Last updated on 2024-06-29 06:49:53 CEST.
Flavor | Version | Tinstall | Tcheck | Ttotal | Status | Flags |
---|---|---|---|---|---|---|
r-devel-linux-x86_64-debian-clang | 3.0.2 | 41.56 | 475.99 | 517.55 | NOTE | |
r-devel-linux-x86_64-debian-gcc | 3.0.2 | 35.39 | 333.41 | 368.80 | NOTE | |
r-devel-linux-x86_64-fedora-clang | 3.0.2 | 637.59 | NOTE | |||
r-devel-linux-x86_64-fedora-gcc | 3.0.2 | 613.51 | NOTE | |||
r-devel-windows-x86_64 | 3.0.2 | 33.00 | 324.00 | 357.00 | NOTE | |
r-patched-linux-x86_64 | 3.0.2 | 35.56 | 441.75 | 477.31 | NOTE | |
r-release-linux-x86_64 | 3.0.2 | 41.28 | 458.22 | 499.50 | NOTE | |
r-release-macos-arm64 | 3.0.2 | 161.00 | NOTE | |||
r-release-macos-x86_64 | 3.0.2 | 264.00 | NOTE | |||
r-release-windows-x86_64 | 3.0.2 | 34.00 | 335.00 | 369.00 | NOTE | |
r-oldrel-macos-arm64 | 3.0.2 | 170.00 | OK | |||
r-oldrel-macos-x86_64 | 3.0.2 | 296.00 | OK | |||
r-oldrel-windows-x86_64 | 3.0.2 | 46.00 | 433.00 | 479.00 | OK |
Version: 3.0.2
Check: Rd files
Result: NOTE
checkRd: (-1) siland.Rd:64: Lost braces; missing escapes or markup?
64 | \item x_{l,i}, local variable l,
| ^
checkRd: (-1) siland.Rd:70: Lost braces; missing escapes or markup?
70 | \item d_{r,i} the distance between the center of pixel r and the observation at site i.
| ^
Flavors: r-devel-linux-x86_64-debian-clang, r-devel-linux-x86_64-debian-gcc, r-devel-linux-x86_64-fedora-clang, r-devel-linux-x86_64-fedora-gcc, r-devel-windows-x86_64, r-patched-linux-x86_64, r-release-linux-x86_64, r-release-macos-arm64, r-release-macos-x86_64, r-release-windows-x86_64