Last updated on 2025-07-01 07:50:24 CEST.
Flavor | Version | Tinstall | Tcheck | Ttotal | Status | Flags |
---|---|---|---|---|---|---|
r-devel-linux-x86_64-debian-clang | 0.1.2 | 3.34 | 46.99 | 50.33 | OK | |
r-devel-linux-x86_64-debian-gcc | 0.1.2 | 2.38 | 35.81 | 38.19 | OK | |
r-devel-linux-x86_64-fedora-clang | 0.1.2 | 77.55 | OK | |||
r-devel-linux-x86_64-fedora-gcc | 0.1.2 | 89.74 | OK | |||
r-devel-windows-x86_64 | 0.1.2 | 4.00 | 63.00 | 67.00 | OK | |
r-patched-linux-x86_64 | OK | |||||
r-release-linux-x86_64 | 0.1.2 | 3.21 | 44.83 | 48.04 | OK | |
r-release-macos-arm64 | 0.1.2 | 41.00 | OK | |||
r-release-macos-x86_64 | 0.1.2 | 52.00 | OK | |||
r-release-windows-x86_64 | 0.1.2 | 5.00 | 63.00 | 68.00 | OK | |
r-oldrel-macos-arm64 | 0.1.2 | 28.00 | NOTE | |||
r-oldrel-macos-x86_64 | 0.1.2 | 44.00 | NOTE | |||
r-oldrel-windows-x86_64 | 0.1.2 | 5.00 | 72.00 | 77.00 | NOTE |
Version: 0.1.2
Check: LazyData
Result: NOTE
'LazyData' is specified without a 'data' directory
Flavors: r-oldrel-macos-arm64, r-oldrel-macos-x86_64, r-oldrel-windows-x86_64