Last updated on 2025-02-10 17:49:22 CET.
Flavor | Version | Tinstall | Tcheck | Ttotal | Status | Flags |
---|---|---|---|---|---|---|
r-devel-linux-x86_64-debian-clang | 2.3.1 | 37.34 | 213.54 | 250.88 | NOTE | |
r-devel-linux-x86_64-debian-gcc | 2.3.1 | 23.75 | 139.76 | 163.51 | NOTE | |
r-devel-linux-x86_64-fedora-clang | 2.3.1 | 406.31 | NOTE | |||
r-devel-linux-x86_64-fedora-gcc | 2.3.1 | 387.87 | NOTE | |||
r-devel-windows-x86_64 | 2.3.1 | 43.00 | 225.00 | 268.00 | NOTE | |
r-patched-linux-x86_64 | 2.3.1 | 34.74 | 193.38 | 228.12 | OK | |
r-release-linux-x86_64 | 2.3.1 | 34.55 | 192.79 | 227.34 | OK | |
r-release-macos-arm64 | 2.3.1 | 67.00 | NOTE | |||
r-release-macos-x86_64 | 2.3.1 | 151.00 | NOTE | |||
r-release-windows-x86_64 | 2.3.1 | 43.00 | 225.00 | 268.00 | NOTE | |
r-oldrel-macos-arm64 | 2.3.1 | 78.00 | NOTE | |||
r-oldrel-macos-x86_64 | 2.3.1 | 121.00 | NOTE | |||
r-oldrel-windows-x86_64 | 2.3.1 | 52.00 | 308.00 | 360.00 | NOTE |
Version: 2.3.1
Check: DESCRIPTION meta-information
Result: NOTE
Missing dependency on R >= 4.1.0 because package code uses the pipe
|> or function shorthand \(...) syntax added in R 4.1.0.
File(s) using such syntax:
‘show_group_enrichment.R’
Flavors: r-devel-linux-x86_64-debian-clang, r-devel-linux-x86_64-debian-gcc, r-devel-linux-x86_64-fedora-clang, r-devel-linux-x86_64-fedora-gcc, r-devel-windows-x86_64
Version: 2.3.1
Check: package dependencies
Result: NOTE
Package suggested but not available for checking: ‘BSgenome.Hsapiens.UCSC.hg19’
Flavors: r-release-macos-arm64, r-release-macos-x86_64, r-oldrel-macos-arm64, r-oldrel-macos-x86_64
Version: 2.3.1
Check: installed package size
Result: NOTE
installed size is 6.0Mb
sub-directories of 1Mb or more:
extdata 1.0Mb
help 1.7Mb
Flavors: r-release-macos-arm64, r-release-macos-x86_64, r-release-windows-x86_64, r-oldrel-macos-arm64, r-oldrel-macos-x86_64, r-oldrel-windows-x86_64