Last updated on 2025-02-05 17:50:08 CET.
Flavor | Version | Tinstall | Tcheck | Ttotal | Status | Flags |
---|---|---|---|---|---|---|
r-devel-linux-x86_64-debian-clang | 0.1.0 | 2.18 | 17.64 | 19.82 | NOTE | |
r-devel-linux-x86_64-debian-gcc | 0.1.0 | 1.63 | 13.89 | 15.52 | NOTE | |
r-devel-linux-x86_64-fedora-clang | 0.1.0 | 32.84 | NOTE | |||
r-devel-linux-x86_64-fedora-gcc | 0.1.0 | 30.50 | NOTE | |||
r-devel-windows-x86_64 | 0.1.0 | 3.00 | 36.00 | 39.00 | NOTE | |
r-patched-linux-x86_64 | 0.1.0 | 2.09 | 16.85 | 18.94 | NOTE | |
r-release-linux-x86_64 | 0.1.0 | 2.07 | 16.76 | 18.83 | NOTE | |
r-release-macos-arm64 | 0.1.0 | 13.00 | NOTE | |||
r-release-macos-x86_64 | 0.1.0 | 24.00 | NOTE | |||
r-release-windows-x86_64 | 0.1.0 | 3.00 | 35.00 | 38.00 | NOTE | |
r-oldrel-macos-arm64 | 0.1.0 | 16.00 | NOTE | |||
r-oldrel-macos-x86_64 | 0.1.0 | 18.00 | NOTE | |||
r-oldrel-windows-x86_64 | 0.1.0 | 4.00 | 36.00 | 40.00 | NOTE |
Version: 0.1.0
Check: Rd files
Result: NOTE
checkRd: (-1) shutterplot.Rd:59: Lost braces; missing escapes or markup?
59 | \item{las}{numeric in {0,1,2,3}; the style of axis labels.'
| ^
Flavors: r-devel-linux-x86_64-debian-clang, r-devel-linux-x86_64-debian-gcc, r-devel-linux-x86_64-fedora-clang, r-devel-linux-x86_64-fedora-gcc, r-devel-windows-x86_64, r-patched-linux-x86_64, r-release-linux-x86_64, r-release-macos-arm64, r-release-macos-x86_64, r-release-windows-x86_64
Version: 0.1.0
Check: LazyData
Result: NOTE
'LazyData' is specified without a 'data' directory
Flavors: r-patched-linux-x86_64, r-release-linux-x86_64, r-release-macos-arm64, r-release-macos-x86_64, r-release-windows-x86_64, r-oldrel-macos-arm64, r-oldrel-macos-x86_64, r-oldrel-windows-x86_64