Last updated on 2025-11-26 05:51:51 CET.
| Flavor | Version | Tinstall | Tcheck | Ttotal | Status | Flags |
|---|---|---|---|---|---|---|
| r-devel-linux-x86_64-debian-clang | 0.2.1 | 3.95 | 1.82 | 5.77 | FAIL | |
| r-devel-linux-x86_64-debian-gcc | 0.2.1 | 3.34 | 39.77 | 43.11 | OK | |
| r-devel-linux-x86_64-fedora-clang | 0.2.1 | 85.45 | OK | |||
| r-devel-linux-x86_64-fedora-gcc | 0.2.1 | 81.72 | OK | |||
| r-devel-windows-x86_64 | 0.2.1 | 9.00 | 73.00 | 82.00 | OK | |
| r-patched-linux-x86_64 | 0.2.1 | 4.90 | 49.40 | 54.30 | OK | |
| r-release-linux-x86_64 | 0.2.1 | 4.54 | 48.84 | 53.38 | OK | |
| r-release-macos-arm64 | 0.2.1 | OK | ||||
| r-release-macos-x86_64 | 0.2.1 | 6.00 | 54.00 | 60.00 | OK | |
| r-release-windows-x86_64 | 0.2.1 | 7.00 | 86.00 | 93.00 | OK | |
| r-oldrel-macos-arm64 | 0.2.1 | OK | ||||
| r-oldrel-macos-x86_64 | 0.2.1 | 3.00 | 51.00 | 54.00 | OK | |
| r-oldrel-windows-x86_64 | 0.2.1 | 8.00 | 84.00 | 92.00 | OK |
Version: 0.2.1
Check: package dependencies
Result: FAIL
Flavor: r-devel-linux-x86_64-debian-clang