Last updated on 2025-02-05 17:50:08 CET.
Flavor | Version | Tinstall | Tcheck | Ttotal | Status | Flags |
---|---|---|---|---|---|---|
r-devel-linux-x86_64-debian-clang | 0.1.1 | 1.79 | 16.74 | 18.53 | OK | |
r-devel-linux-x86_64-debian-gcc | 0.1.1 | 1.21 | 13.96 | 15.17 | OK | |
r-devel-linux-x86_64-fedora-clang | 0.1.1 | 29.70 | NOTE | |||
r-devel-linux-x86_64-fedora-gcc | 0.1.1 | 27.96 | NOTE | |||
r-devel-windows-x86_64 | 0.1.1 | 3.00 | 42.00 | 45.00 | OK | |
r-patched-linux-x86_64 | 0.1.1 | 1.59 | 15.85 | 17.44 | OK | |
r-release-linux-x86_64 | 0.1.1 | 1.59 | 15.91 | 17.50 | OK | |
r-release-macos-arm64 | 0.1.1 | 15.00 | OK | |||
r-release-macos-x86_64 | 0.1.1 | 21.00 | OK | |||
r-release-windows-x86_64 | 0.1.1 | 4.00 | 40.00 | 44.00 | OK | |
r-oldrel-macos-arm64 | 0.1.1 | 20.00 | OK | |||
r-oldrel-macos-x86_64 | 0.1.1 | 25.00 | OK | |||
r-oldrel-windows-x86_64 | 0.1.1 | 4.00 | 37.00 | 41.00 | OK |
Version: 0.1.1
Check: dependencies in R code
Result: NOTE
Namespace in Imports field not imported from: ‘shiny’
All declared Imports should be used.
Flavors: r-devel-linux-x86_64-fedora-clang, r-devel-linux-x86_64-fedora-gcc