Last updated on 2025-02-10 17:49:22 CET.
Flavor | Version | Tinstall | Tcheck | Ttotal | Status | Flags |
---|---|---|---|---|---|---|
r-devel-linux-x86_64-debian-clang | 0.1.0 | 3.41 | 28.94 | 32.35 | OK | |
r-devel-linux-x86_64-debian-gcc | 0.1.0 | 3.10 | 22.98 | 26.08 | OK | |
r-devel-linux-x86_64-fedora-clang | 0.1.0 | 52.22 | OK | |||
r-devel-linux-x86_64-fedora-gcc | 0.1.0 | 47.85 | OK | |||
r-devel-windows-x86_64 | 0.1.0 | 8.00 | 49.00 | 57.00 | OK | |
r-patched-linux-x86_64 | 0.1.0 | 3.90 | 27.82 | 31.72 | NOTE | |
r-release-linux-x86_64 | 0.1.0 | 3.99 | 27.98 | 31.97 | NOTE | |
r-release-macos-arm64 | 0.1.0 | 19.00 | NOTE | |||
r-release-macos-x86_64 | 0.1.0 | 28.00 | NOTE | |||
r-release-windows-x86_64 | 0.1.0 | 7.00 | 51.00 | 58.00 | NOTE | |
r-oldrel-macos-arm64 | 0.1.0 | 19.00 | NOTE | |||
r-oldrel-macos-x86_64 | 0.1.0 | 28.00 | NOTE | |||
r-oldrel-windows-x86_64 | 0.1.0 | 6.00 | 55.00 | 61.00 | NOTE |
Version: 0.1.0
Check: LazyData
Result: NOTE
'LazyData' is specified without a 'data' directory
Flavors: r-patched-linux-x86_64, r-release-linux-x86_64, r-release-macos-arm64, r-release-macos-x86_64, r-release-windows-x86_64, r-oldrel-macos-arm64, r-oldrel-macos-x86_64, r-oldrel-windows-x86_64
Version: 0.1.0
Check: installed package size
Result: NOTE
installed size is 9.5Mb
sub-directories of 1Mb or more:
www 9.4Mb
Flavors: r-release-macos-arm64, r-release-macos-x86_64, r-release-windows-x86_64, r-oldrel-macos-arm64, r-oldrel-macos-x86_64, r-oldrel-windows-x86_64