Last updated on 2025-02-05 17:50:08 CET.
Flavor | Version | Tinstall | Tcheck | Ttotal | Status | Flags |
---|---|---|---|---|---|---|
r-devel-linux-x86_64-debian-clang | 0.4.4 | 4.62 | 36.31 | 40.93 | OK | |
r-devel-linux-x86_64-debian-gcc | 0.4.4 | 3.71 | 28.44 | 32.15 | OK | |
r-devel-linux-x86_64-fedora-clang | 0.4.4 | 71.26 | OK | |||
r-devel-linux-x86_64-fedora-gcc | 0.4.4 | 79.56 | OK | |||
r-devel-windows-x86_64 | 0.4.4 | 12.00 | 70.00 | 82.00 | OK | |
r-patched-linux-x86_64 | 0.4.4 | 4.94 | 34.26 | 39.20 | OK | |
r-release-linux-x86_64 | 0.4.3 | 4.71 | 34.05 | 38.76 | OK | |
r-release-macos-arm64 | 0.4.4 | 36.00 | NOTE | |||
r-release-macos-x86_64 | 0.4.4 | 84.00 | NOTE | |||
r-release-windows-x86_64 | 0.4.4 | 11.00 | 59.00 | 70.00 | NOTE | |
r-oldrel-macos-arm64 | 0.4.3 | 38.00 | NOTE | |||
r-oldrel-macos-x86_64 | 0.4.3 | 55.00 | NOTE | |||
r-oldrel-windows-x86_64 | 0.4.4 | 9.00 | 65.00 | 74.00 | NOTE |
Version: 0.4.4
Check: installed package size
Result: NOTE
installed size is 8.0Mb
sub-directories of 1Mb or more:
www 7.7Mb
Flavors: r-release-macos-arm64, r-release-macos-x86_64, r-release-windows-x86_64, r-oldrel-windows-x86_64
Version: 0.4.3
Check: installed package size
Result: NOTE
installed size is 8.0Mb
sub-directories of 1Mb or more:
www 7.7Mb
Flavors: r-oldrel-macos-arm64, r-oldrel-macos-x86_64