Last updated on 2025-02-05 17:50:08 CET.
Flavor | Version | Tinstall | Tcheck | Ttotal | Status | Flags |
---|---|---|---|---|---|---|
r-devel-linux-x86_64-debian-clang | 0.8 | 5.70 | 52.32 | 58.02 | OK | |
r-devel-linux-x86_64-debian-gcc | 0.8 | 3.77 | 36.47 | 40.24 | OK | |
r-devel-linux-x86_64-fedora-clang | 0.8 | 93.38 | NOTE | |||
r-devel-linux-x86_64-fedora-gcc | 0.8 | 83.34 | NOTE | |||
r-devel-windows-x86_64 | 0.8 | 8.00 | 67.00 | 75.00 | OK | |
r-patched-linux-x86_64 | 0.8 | 4.98 | 47.22 | 52.20 | OK | |
r-release-linux-x86_64 | 0.8 | 5.37 | 47.41 | 52.78 | OK | |
r-release-macos-arm64 | 0.8 | 29.00 | OK | |||
r-release-macos-x86_64 | 0.8 | 46.00 | OK | |||
r-release-windows-x86_64 | 0.8 | 8.00 | 64.00 | 72.00 | OK | |
r-oldrel-macos-arm64 | 0.8 | 29.00 | OK | |||
r-oldrel-macos-x86_64 | 0.8 | 43.00 | OK | |||
r-oldrel-windows-x86_64 | 0.8 | 9.00 | 77.00 | 86.00 | OK |
Version: 0.8
Check: dependencies in R code
Result: NOTE
Namespace in Imports field not imported from: ‘rlang’
All declared Imports should be used.
Flavors: r-devel-linux-x86_64-fedora-clang, r-devel-linux-x86_64-fedora-gcc