Last updated on 2025-05-15 18:51:00 CEST.
Flavor | Version | Tinstall | Tcheck | Ttotal | Status | Flags |
---|---|---|---|---|---|---|
r-devel-linux-x86_64-debian-clang | 0.2.2 | 18.89 | 134.42 | 153.31 | NOTE | |
r-devel-linux-x86_64-debian-gcc | 0.2.2 | 12.08 | 95.89 | 107.97 | NOTE | |
r-devel-linux-x86_64-fedora-clang | 0.2.2 | 246.92 | OK | |||
r-devel-linux-x86_64-fedora-gcc | 0.2.2 | 227.32 | OK | |||
r-devel-windows-x86_64 | 0.2.2 | 16.00 | 128.00 | 144.00 | OK | |
r-patched-linux-x86_64 | 0.2.2 | 16.43 | 124.00 | 140.43 | OK | |
r-release-linux-x86_64 | 0.2.2 | 16.30 | 126.94 | 143.24 | OK | |
r-release-macos-arm64 | 0.2.2 | 95.00 | OK | |||
r-release-macos-x86_64 | 0.2.2 | 177.00 | OK | |||
r-release-windows-x86_64 | 0.2.2 | 16.00 | 132.00 | 148.00 | OK | |
r-oldrel-macos-arm64 | 0.2.2 | 79.00 | OK | |||
r-oldrel-macos-x86_64 | 0.2.2 | 96.00 | OK | |||
r-oldrel-windows-x86_64 | 0.2.2 | 21.00 | 168.00 | 189.00 | OK |
Version: 0.2.2
Check: CRAN incoming feasibility
Result: NOTE
Maintainer: ‘Carlos Alberto Cardozo Delgado <cardozorpackages@gmail.com>’
No Authors@R field in DESCRIPTION.
Please add one, modifying
Authors@R: c(person(given = c("Carlos", "Alberto", "Cardozo"),
family = "Delgado",
role = c("aut", "cre"),
email = "cardozorpackages@gmail.com"),
person(given = "G.",
family = "Paula",
role = "aut"),
person(given = "L.",
family = "Vanegas",
role = "aut"))
as necessary.
Flavors: r-devel-linux-x86_64-debian-clang, r-devel-linux-x86_64-debian-gcc