CRAN Package Check Results for Package sglasso

Last updated on 2025-11-04 13:50:25 CET.

Flavor Version Tinstall Tcheck Ttotal Status Flags
r-devel-linux-x86_64-debian-clang 1.2.6 10.71 65.17 75.88 NOTE
r-devel-linux-x86_64-debian-gcc 1.2.6 7.79 49.33 57.12 NOTE
r-devel-linux-x86_64-fedora-clang 1.2.6 25.00 90.59 115.59 OK
r-devel-linux-x86_64-fedora-gcc 1.2.6 24.00 87.48 111.48 OK
r-devel-windows-x86_64 1.2.6 17.00 76.00 93.00 OK
r-patched-linux-x86_64 1.2.6 10.86 62.96 73.82 OK
r-release-linux-x86_64 1.2.6 9.94 62.17 72.11 OK
r-release-macos-arm64 1.2.6 6.00 34.00 40.00 OK
r-release-macos-x86_64 1.2.6 10.00 63.00 73.00 OK
r-release-windows-x86_64 1.2.6 15.00 77.00 92.00 OK
r-oldrel-macos-arm64 1.2.6 7.00 27.00 34.00 OK
r-oldrel-macos-x86_64 1.2.6 8.00 46.00 54.00 OK
r-oldrel-windows-x86_64 1.2.6 19.00 98.00 117.00 OK

Check Details

Version: 1.2.6
Check: CRAN incoming feasibility
Result: NOTE Maintainer: ‘Luigi Augugliaro <luigi.augugliaro@unipa.it>’ No Authors@R field in DESCRIPTION. Please add one, modifying Authors@R: person(given = "Luigi", family = "Augugliaro", role = c("aut", "cre"), email = "luigi.augugliaro@unipa.it") as necessary. Flavors: r-devel-linux-x86_64-debian-clang, r-devel-linux-x86_64-debian-gcc