Last updated on 2025-11-26 05:51:51 CET.
| Flavor | Version | Tinstall | Tcheck | Ttotal | Status | Flags |
|---|---|---|---|---|---|---|
| r-devel-linux-x86_64-debian-clang | 0.6-0 | 4.31 | 51.58 | 55.89 | NOTE | |
| r-devel-linux-x86_64-debian-gcc | 0.6-0 | 2.97 | 39.02 | 41.99 | NOTE | |
| r-devel-linux-x86_64-fedora-clang | 0.6-0 | 89.21 | NOTE | |||
| r-devel-linux-x86_64-fedora-gcc | 0.6-0 | 17.00 | 70.29 | 87.29 | NOTE | |
| r-devel-windows-x86_64 | 0.6-0 | 6.00 | 67.00 | 73.00 | NOTE | |
| r-patched-linux-x86_64 | 0.6-0 | 4.48 | 47.24 | 51.72 | NOTE | |
| r-release-linux-x86_64 | 0.6-0 | 4.08 | 49.13 | 53.21 | NOTE | |
| r-release-macos-arm64 | 0.6-0 | NOTE | ||||
| r-release-macos-x86_64 | 0.6-0 | 3.00 | 47.00 | 50.00 | NOTE | |
| r-release-windows-x86_64 | 0.6-0 | 6.00 | 84.00 | 90.00 | NOTE | |
| r-oldrel-macos-arm64 | 0.6-0 | NOTE | ||||
| r-oldrel-macos-x86_64 | 0.6-0 | 3.00 | 35.00 | 38.00 | NOTE | |
| r-oldrel-windows-x86_64 | 0.6-0 | 7.00 | 84.00 | 91.00 | NOTE |
Version: 0.6-0
Check: CRAN incoming feasibility
Result: NOTE
Maintainer: ‘Gregory Vaughan <gvaughan@bentley.edu>’
No Authors@R field in DESCRIPTION.
Please add one, modifying
Authors@R: c(person(given = "Gregory",
family = "Vaughan",
role = c("aut", "cre"),
email = "gvaughan@bentley.edu"),
person(given = "Kun",
family = "Chen",
role = "ctb"),
person(given = "Jun",
family = "Yan",
role = "ctb"))
as necessary.
Flavors: r-devel-linux-x86_64-debian-clang, r-devel-linux-x86_64-debian-gcc
Version: 0.6-0
Check: Rd files
Result: NOTE
checkRd: (-1) bisee.Rd:127: Lost braces
127 | values including \code{x}, \code{y}, code{family}, \code{clusterID},
| ^
checkRd: (-1) hisee.Rd:101: Lost braces
101 | values including \code{x}, \code{y}, code{family}, \code{clusterID},
| ^
checkRd: (-1) isee.Rd:116: Lost braces
116 | values including \code{x}, \code{y}, code{family}, \code{clusterID},
| ^
checkRd: (-1) see.Rd:98: Lost braces
98 | values including \code{x}, \code{y}, code{family}, \code{clusterID},
| ^
Flavors: r-devel-linux-x86_64-debian-clang, r-devel-linux-x86_64-debian-gcc, r-devel-linux-x86_64-fedora-clang, r-devel-linux-x86_64-fedora-gcc, r-devel-windows-x86_64, r-patched-linux-x86_64, r-release-linux-x86_64, r-release-macos-arm64, r-release-macos-x86_64, r-release-windows-x86_64, r-oldrel-macos-arm64, r-oldrel-macos-x86_64, r-oldrel-windows-x86_64