Last updated on 2024-06-29 06:49:53 CEST.
Flavor | Version | Tinstall | Tcheck | Ttotal | Status | Flags |
---|---|---|---|---|---|---|
r-devel-linux-x86_64-debian-clang | 2.11.2 | 98.80 | 215.43 | 314.23 | OK | |
r-devel-linux-x86_64-debian-gcc | 2.11.2 | 59.90 | 152.15 | 212.05 | OK | |
r-devel-linux-x86_64-fedora-clang | 2.11.2 | 397.81 | NOTE | |||
r-devel-linux-x86_64-fedora-gcc | 2.11.2 | 380.53 | OK | |||
r-devel-windows-x86_64 | 2.11.2 | 66.00 | 253.00 | 319.00 | OK | |
r-patched-linux-x86_64 | 2.11.2 | 74.57 | 195.24 | 269.81 | OK | |
r-release-linux-x86_64 | 2.11.2 | 73.13 | 198.24 | 271.37 | OK | |
r-release-macos-arm64 | 2.11.2 | 195.00 | OK | |||
r-release-macos-x86_64 | 2.11.2 | 330.00 | OK | |||
r-release-windows-x86_64 | 2.11.2 | 64.00 | 251.00 | 315.00 | OK | |
r-oldrel-macos-arm64 | 2.11.2 | 121.00 | OK | |||
r-oldrel-macos-x86_64 | 2.11.2 | 380.00 | OK | |||
r-oldrel-windows-x86_64 | 2.11.2 | 78.00 | 267.00 | 345.00 | OK |
Version: 2.11.2
Check: installed package size
Result: NOTE
installed size is 8.4Mb
sub-directories of 1Mb or more:
doc 1.8Mb
libs 5.6Mb
Flavor: r-devel-linux-x86_64-fedora-clang