Last updated on 2025-02-10 17:49:22 CET.
Flavor | Version | Tinstall | Tcheck | Ttotal | Status | Flags |
---|---|---|---|---|---|---|
r-devel-linux-x86_64-debian-clang | 0.1.1 | 7.39 | 64.09 | 71.48 | NOTE | |
r-devel-linux-x86_64-debian-gcc | 0.1.1 | 5.48 | 49.90 | 55.38 | NOTE | |
r-devel-linux-x86_64-fedora-clang | 0.1.1 | 115.29 | OK | |||
r-devel-linux-x86_64-fedora-gcc | 0.1.1 | 121.60 | OK | |||
r-devel-windows-x86_64 | 0.1.1 | 8.00 | 80.00 | 88.00 | NOTE | |
r-patched-linux-x86_64 | 0.1.1 | 9.52 | 63.90 | 73.42 | OK | |
r-release-linux-x86_64 | 0.1.1 | 6.78 | 60.87 | 67.65 | OK | |
r-release-macos-arm64 | 0.1.1 | 41.00 | OK | |||
r-release-macos-x86_64 | 0.1.1 | 62.00 | OK | |||
r-release-windows-x86_64 | 0.1.1 | 8.00 | 79.00 | 87.00 | OK | |
r-oldrel-macos-arm64 | 0.1.1 | 42.00 | OK | |||
r-oldrel-macos-x86_64 | 0.1.1 | 70.00 | NOTE | |||
r-oldrel-windows-x86_64 | 0.1.1 | 10.00 | 102.00 | 112.00 | OK |
Version: 0.1.1
Check: Rd cross-references
Result: NOTE
Found the following Rd file(s) with Rd \link{} targets missing package
anchors:
seq2qha.Rd: seqdef
seq_heatmap.Rd: seqdef, agnes, seqIplot
seqi1epi.Rd: seqdef, seqistatd
seqifpos.Rd: seqdef, seqistatd
seqinepi.Rd: seqdef, seqistatd
seqsmooth.Rd: seqdef
Please provide package anchors for all Rd \link{} targets not in the
package itself and the base packages.
Flavors: r-devel-linux-x86_64-debian-clang, r-devel-linux-x86_64-debian-gcc, r-devel-windows-x86_64
Version: 0.1.1
Check: package dependencies
Result: NOTE
Packages suggested but not available for checking:
'FactoMineR', 'descriptio'
Flavor: r-oldrel-macos-x86_64