Last updated on 2025-02-05 17:50:07 CET.
Flavor | Version | Tinstall | Tcheck | Ttotal | Status | Flags |
---|---|---|---|---|---|---|
r-devel-linux-x86_64-debian-clang | 1.1 | 3.20 | 38.40 | 41.60 | OK | |
r-devel-linux-x86_64-debian-gcc | 1.1 | 2.14 | 26.74 | 28.88 | OK | |
r-devel-linux-x86_64-fedora-clang | 1.1 | 66.48 | OK | |||
r-devel-linux-x86_64-fedora-gcc | 1.1 | 63.59 | OK | |||
r-devel-windows-x86_64 | 1.1 | 5.00 | 56.00 | 61.00 | OK | |
r-patched-linux-x86_64 | 1.1 | 2.72 | 35.46 | 38.18 | NOTE | |
r-release-linux-x86_64 | 1.1 | 3.09 | 35.01 | 38.10 | NOTE | |
r-release-macos-arm64 | 1.1 | 22.00 | NOTE | |||
r-release-macos-x86_64 | 1.1 | 32.00 | NOTE | |||
r-release-windows-x86_64 | 1.1 | 5.00 | 56.00 | 61.00 | NOTE | |
r-oldrel-macos-arm64 | 1.1 | 24.00 | NOTE | |||
r-oldrel-macos-x86_64 | 1.1 | 33.00 | NOTE | |||
r-oldrel-windows-x86_64 | 1.1 | 6.00 | 60.00 | 66.00 | NOTE |
Version: 1.1
Check: LazyData
Result: NOTE
'LazyData' is specified without a 'data' directory
Flavors: r-patched-linux-x86_64, r-release-linux-x86_64, r-release-macos-arm64, r-release-macos-x86_64, r-release-windows-x86_64, r-oldrel-macos-arm64, r-oldrel-macos-x86_64, r-oldrel-windows-x86_64