Last updated on 2025-11-25 17:50:05 CET.
| Flavor | Version | Tinstall | Tcheck | Ttotal | Status | Flags |
|---|---|---|---|---|---|---|
| r-devel-linux-x86_64-debian-clang | 1.1.0 | 1.95 | 31.50 | 33.45 | OK | |
| r-devel-linux-x86_64-debian-gcc | 1.1.0 | 1.84 | 25.04 | 26.88 | OK | |
| r-devel-linux-x86_64-fedora-clang | 1.1.0 | 52.45 | OK | |||
| r-devel-linux-x86_64-fedora-gcc | 1.1.0 | 63.71 | OK | |||
| r-devel-windows-x86_64 | 1.1.0 | 10.00 | 52.00 | 62.00 | OK | |
| r-patched-linux-x86_64 | 1.1.0 | 3.06 | 29.41 | 32.47 | OK | |
| r-release-linux-x86_64 | 1.1.0 | 2.43 | 29.09 | 31.52 | OK | |
| r-release-macos-arm64 | 1.1.0 | OK | ||||
| r-release-macos-x86_64 | 1.1.0 | 2.00 | 47.00 | 49.00 | OK | |
| r-release-windows-x86_64 | 1.1.0 | 5.00 | 107.00 | 112.00 | OK | |
| r-oldrel-macos-arm64 | 1.1.0 | NOTE | ||||
| r-oldrel-macos-x86_64 | 1.1.0 | 2.00 | 35.00 | 37.00 | NOTE | |
| r-oldrel-windows-x86_64 | 1.1.0 | 5.00 | 63.00 | 68.00 | NOTE |
Version: 1.1.0
Check: LazyData
Result: NOTE
'LazyData' is specified without a 'data' directory
Flavors: r-oldrel-macos-arm64, r-oldrel-macos-x86_64, r-oldrel-windows-x86_64