Last updated on 2025-06-30 18:49:52 CEST.
Flavor | Version | Tinstall | Tcheck | Ttotal | Status | Flags |
---|---|---|---|---|---|---|
r-devel-linux-x86_64-debian-clang | 5.2.4 | 371.19 | 552.28 | 923.47 | OK | |
r-devel-linux-x86_64-debian-gcc | 5.2.4 | 360.46 | 480.20 | 840.66 | OK | |
r-devel-linux-x86_64-fedora-clang | 5.2.4 | 1767.93 | OK | |||
r-devel-linux-x86_64-fedora-gcc | 5.2.4 | 1739.99 | OK | |||
r-devel-windows-x86_64 | 5.2.4 | 617.00 | 710.00 | 1327.00 | OK | |
r-patched-linux-x86_64 | OK | |||||
r-release-linux-x86_64 | 5.2.4 | 511.21 | 696.78 | 1207.99 | OK | |
r-release-macos-arm64 | 5.2.4 | 317.00 | OK | |||
r-release-macos-x86_64 | 5.2.4 | 636.00 | OK | |||
r-release-windows-x86_64 | 5.2.4 | 618.00 | 712.00 | 1330.00 | OK | |
r-oldrel-macos-arm64 | 5.2.4 | 330.00 | NOTE | |||
r-oldrel-macos-x86_64 | 5.2.4 | 627.00 | NOTE | |||
r-oldrel-windows-x86_64 | 5.2.4 | 744.00 | 915.00 | 1659.00 | NOTE |
Version: 5.2.4
Check: installed package size
Result: NOTE
installed size is 20.1Mb
sub-directories of 1Mb or more:
R 2.0Mb
libs 16.2Mb
Flavors: r-oldrel-macos-arm64, r-oldrel-macos-x86_64, r-oldrel-windows-x86_64
Version: 5.2.4
Check: for GNU extensions in Makefiles
Result: NOTE
GNU make is a SystemRequirements.
Flavors: r-oldrel-macos-arm64, r-oldrel-macos-x86_64, r-oldrel-windows-x86_64