Last updated on 2025-02-10 17:49:22 CET.
Flavor | Version | Tinstall | Tcheck | Ttotal | Status | Flags |
---|---|---|---|---|---|---|
r-devel-linux-x86_64-debian-clang | 0.6-0 | 7.43 | 55.21 | 62.64 | NOTE | |
r-devel-linux-x86_64-debian-gcc | 0.6-0 | 5.01 | 38.87 | 43.88 | NOTE | |
r-devel-linux-x86_64-fedora-clang | 0.6-0 | 98.61 | NOTE | |||
r-devel-linux-x86_64-fedora-gcc | 0.6-0 | 91.87 | NOTE | |||
r-devel-windows-x86_64 | 0.6-0 | 10.00 | 90.00 | 100.00 | NOTE | |
r-patched-linux-x86_64 | 0.6-0 | 8.05 | 52.21 | 60.26 | NOTE | |
r-release-linux-x86_64 | 0.6-0 | 6.81 | 53.31 | 60.12 | NOTE | |
r-release-macos-arm64 | 0.6-0 | 30.00 | NOTE | |||
r-release-macos-x86_64 | 0.6-0 | 45.00 | NOTE | |||
r-release-windows-x86_64 | 0.6-0 | 11.00 | 91.00 | 102.00 | NOTE | |
r-oldrel-macos-arm64 | 0.6-0 | 30.00 | OK | |||
r-oldrel-macos-x86_64 | 0.6-0 | 47.00 | OK | |||
r-oldrel-windows-x86_64 | 0.6-0 | 9.00 | 98.00 | 107.00 | OK |
Version: 0.6-0
Check: Rd files
Result: NOTE
checkRd: (-1) seas.check.Rd:48-49: Lost braces in \itemize; meant \describe ?
checkRd: (-1) seas.check.Rd:50: Lost braces in \itemize; meant \describe ?
checkRd: (-1) seas.check.Rd:51: Lost braces in \itemize; meant \describe ?
checkRd: (-1) seas.check.Rd:52-54: Lost braces in \itemize; meant \describe ?
checkRd: (-1) seas.check.Rd:55: Lost braces in \itemize; meant \describe ?
checkRd: (-1) seas.check.Rd:56: Lost braces in \itemize; meant \describe ?
checkRd: (-1) seas.check.Rd:57: Lost braces in \itemize; meant \describe ?
checkRd: (-1) seas.check.Rd:58: Lost braces in \itemize; meant \describe ?
Flavors: r-devel-linux-x86_64-debian-clang, r-devel-linux-x86_64-debian-gcc, r-devel-linux-x86_64-fedora-clang, r-devel-linux-x86_64-fedora-gcc, r-devel-windows-x86_64, r-patched-linux-x86_64, r-release-linux-x86_64, r-release-macos-arm64, r-release-macos-x86_64, r-release-windows-x86_64