Last updated on 2025-02-05 17:50:07 CET.
Flavor | Version | Tinstall | Tcheck | Ttotal | Status | Flags |
---|---|---|---|---|---|---|
r-devel-linux-x86_64-debian-clang | 1.0.0 | 1.62 | 19.97 | 21.59 | NOTE | |
r-devel-linux-x86_64-debian-gcc | 1.0.0 | 1.32 | 16.46 | 17.78 | NOTE | |
r-devel-linux-x86_64-fedora-clang | 1.0.0 | 35.87 | NOTE | |||
r-devel-linux-x86_64-fedora-gcc | 1.0.0 | 46.54 | NOTE | |||
r-devel-windows-x86_64 | 1.0.0 | 2.00 | 48.00 | 50.00 | NOTE | |
r-patched-linux-x86_64 | 1.0.0 | 1.65 | 19.30 | 20.95 | NOTE | |
r-release-linux-x86_64 | 1.0.0 | 1.55 | 18.90 | 20.45 | NOTE | |
r-release-macos-arm64 | 1.0.0 | 20.00 | NOTE | |||
r-release-macos-x86_64 | 1.0.0 | 30.00 | NOTE | |||
r-release-windows-x86_64 | 1.0.0 | 3.00 | 64.00 | 67.00 | NOTE | |
r-oldrel-macos-arm64 | 1.0.0 | 24.00 | OK | |||
r-oldrel-macos-x86_64 | 1.0.0 | 49.00 | OK | |||
r-oldrel-windows-x86_64 | 1.0.0 | 4.00 | 45.00 | 49.00 | OK |
Version: 1.0.0
Check: Rd files
Result: NOTE
checkRd: (-1) scriptloc.Rd:5: Lost braces; missing escapes or markup?
5 | \title{Get location of script in a fashion analagous to ${BASH_SOURCE[0]}}
| ^
Flavors: r-devel-linux-x86_64-debian-clang, r-devel-linux-x86_64-debian-gcc, r-devel-linux-x86_64-fedora-clang, r-devel-linux-x86_64-fedora-gcc, r-devel-windows-x86_64, r-patched-linux-x86_64, r-release-linux-x86_64, r-release-macos-arm64, r-release-macos-x86_64, r-release-windows-x86_64