Last updated on 2024-08-16 06:50:11 CEST.
Flavor | Version | Tinstall | Tcheck | Ttotal | Status | Flags |
---|---|---|---|---|---|---|
r-devel-linux-x86_64-debian-clang | 1.1.1 | 85.51 | 96.27 | 181.78 | NOTE | |
r-devel-linux-x86_64-debian-gcc | 1.1.1 | 62.89 | 68.06 | 130.95 | NOTE | |
r-devel-linux-x86_64-fedora-clang | 1.1.1 | 337.77 | NOTE | |||
r-devel-linux-x86_64-fedora-gcc | 1.1.1 | 353.87 | NOTE | |||
r-devel-windows-x86_64 | 1.1.1 | 99.00 | 128.00 | 227.00 | NOTE | |
r-patched-linux-x86_64 | 1.1.1 | 90.66 | 90.22 | 180.88 | NOTE | |
r-release-linux-x86_64 | 1.1.1 | 88.09 | 90.63 | 178.72 | NOTE | |
r-release-macos-arm64 | 1.1.1 | 83.00 | NOTE | |||
r-release-macos-x86_64 | 1.1.1 | 107.00 | NOTE | |||
r-release-windows-x86_64 | 1.1.1 | 102.00 | 125.00 | 227.00 | NOTE | |
r-oldrel-macos-arm64 | 1.1.1 | 99.00 | NOTE | |||
r-oldrel-macos-x86_64 | 1.1.1 | 167.00 | NOTE | |||
r-oldrel-windows-x86_64 | 1.1.1 | 114.00 | 157.00 | 271.00 | NOTE |
Version: 1.1.1
Check: C++ specification
Result: NOTE
Specified C++11: please drop specification unless essential
Flavors: r-devel-linux-x86_64-debian-clang, r-devel-linux-x86_64-debian-gcc, r-devel-linux-x86_64-fedora-clang, r-devel-linux-x86_64-fedora-gcc, r-devel-windows-x86_64, r-patched-linux-x86_64, r-release-linux-x86_64, r-release-macos-arm64, r-release-macos-x86_64, r-release-windows-x86_64, r-oldrel-macos-arm64, r-oldrel-macos-x86_64, r-oldrel-windows-x86_64