Last updated on 2024-08-16 06:50:11 CEST.
Flavor | Version | Tinstall | Tcheck | Ttotal | Status | Flags |
---|---|---|---|---|---|---|
r-devel-linux-x86_64-debian-clang | 0.1.0 | 4.70 | 45.13 | 49.83 | NOTE | |
r-devel-linux-x86_64-debian-gcc | 0.1.0 | 3.26 | 33.29 | 36.55 | NOTE | |
r-devel-linux-x86_64-fedora-clang | 0.1.0 | 79.50 | NOTE | |||
r-devel-linux-x86_64-fedora-gcc | 0.1.0 | 73.47 | NOTE | |||
r-devel-windows-x86_64 | 0.1.0 | 7.00 | 61.00 | 68.00 | NOTE | |
r-patched-linux-x86_64 | 0.1.0 | 4.32 | 43.05 | 47.37 | NOTE | |
r-release-linux-x86_64 | 0.1.0 | 4.43 | 43.00 | 47.43 | NOTE | |
r-release-macos-arm64 | 0.1.0 | 25.00 | NOTE | |||
r-release-macos-x86_64 | 0.1.0 | 38.00 | NOTE | |||
r-release-windows-x86_64 | 0.1.0 | 7.00 | 61.00 | 68.00 | NOTE | |
r-oldrel-macos-arm64 | 0.1.0 | 24.00 | NOTE | |||
r-oldrel-macos-x86_64 | 0.1.0 | 41.00 | NOTE | |||
r-oldrel-windows-x86_64 | 0.1.0 | 8.00 | 70.00 | 78.00 | NOTE |
Version: 0.1.0
Check: LazyData
Result: NOTE
'LazyData' is specified without a 'data' directory
Flavors: r-devel-linux-x86_64-debian-clang, r-devel-linux-x86_64-debian-gcc, r-devel-linux-x86_64-fedora-clang, r-devel-linux-x86_64-fedora-gcc, r-devel-windows-x86_64, r-patched-linux-x86_64, r-release-linux-x86_64, r-release-macos-arm64, r-release-macos-x86_64, r-release-windows-x86_64, r-oldrel-macos-arm64, r-oldrel-macos-x86_64, r-oldrel-windows-x86_64