Last updated on 2024-08-16 06:50:11 CEST.
Flavor | Version | Tinstall | Tcheck | Ttotal | Status | Flags |
---|---|---|---|---|---|---|
r-devel-linux-x86_64-debian-clang | 1.0.1 | 17.44 | 169.09 | 186.53 | NOTE | |
r-devel-linux-x86_64-debian-gcc | 1.0.1 | 12.16 | 116.26 | 128.42 | NOTE | |
r-devel-linux-x86_64-fedora-clang | 1.0.1 | 300.62 | NOTE | |||
r-devel-linux-x86_64-fedora-gcc | 1.0.1 | 302.04 | NOTE | |||
r-devel-windows-x86_64 | 1.0.1 | 22.00 | 252.00 | 274.00 | NOTE | |
r-patched-linux-x86_64 | 1.0.1 | 26.80 | 159.42 | 186.22 | NOTE | |
r-release-linux-x86_64 | 1.0.1 | 18.68 | 160.96 | 179.64 | NOTE | |
r-release-macos-arm64 | 1.0.1 | 94.00 | NOTE | |||
r-release-macos-x86_64 | 1.0.1 | 219.00 | NOTE | |||
r-release-windows-x86_64 | 1.0.1 | 25.00 | 248.00 | 273.00 | NOTE | |
r-oldrel-macos-arm64 | 1.0.1 | 80.00 | OK | |||
r-oldrel-macos-x86_64 | 1.0.1 | 131.00 | OK | |||
r-oldrel-windows-x86_64 | 1.0.1 | 28.00 | 246.00 | 274.00 | OK |
Version: 1.0.1
Check: Rd files
Result: NOTE
checkRd: (-1) sf_get_all_jobs_bulk.Rd:42-43: Lost braces in \itemize; meant \describe ?
checkRd: (-1) sf_get_all_jobs_bulk.Rd:44-46: Lost braces in \itemize; meant \describe ?
checkRd: (-1) sf_get_all_query_jobs_bulk.Rd:43-44: Lost braces in \itemize; meant \describe ?
checkRd: (-1) sf_get_all_query_jobs_bulk.Rd:45-47: Lost braces in \itemize; meant \describe ?
checkRd: (-1) sf_get_all_query_jobs_bulk.Rd:48-50: Lost braces in \itemize; meant \describe ?
checkRd: (-1) valid_metadata_list.Rd:10: Lost braces
10 | code{list}; contains name and valid inputs for data types
| ^
Flavors: r-devel-linux-x86_64-debian-clang, r-devel-linux-x86_64-debian-gcc, r-devel-linux-x86_64-fedora-clang, r-devel-linux-x86_64-fedora-gcc, r-devel-windows-x86_64, r-patched-linux-x86_64, r-release-linux-x86_64, r-release-macos-arm64, r-release-macos-x86_64, r-release-windows-x86_64