Last updated on 2025-02-10 17:49:22 CET.
Flavor | Version | Tinstall | Tcheck | Ttotal | Status | Flags |
---|---|---|---|---|---|---|
r-devel-linux-x86_64-debian-clang | 1.1.0 | 1.63 | 20.12 | 21.75 | NOTE | |
r-devel-linux-x86_64-debian-gcc | 1.1.0 | 1.43 | 15.96 | 17.39 | NOTE | |
r-devel-linux-x86_64-fedora-clang | 1.1.0 | 36.05 | NOTE | |||
r-devel-linux-x86_64-fedora-gcc | 1.1.0 | 34.11 | NOTE | |||
r-devel-windows-x86_64 | 1.1.0 | 3.00 | 43.00 | 46.00 | NOTE | |
r-patched-linux-x86_64 | 1.1.0 | 1.81 | 19.19 | 21.00 | OK | |
r-release-linux-x86_64 | 1.1.0 | 1.53 | 19.46 | 20.99 | OK | |
r-release-macos-arm64 | 1.1.0 | 17.00 | OK | |||
r-release-macos-x86_64 | 1.1.0 | 29.00 | OK | |||
r-release-windows-x86_64 | 1.1.0 | 5.00 | 44.00 | 49.00 | OK | |
r-oldrel-macos-arm64 | 1.1.0 | 21.00 | OK | |||
r-oldrel-macos-x86_64 | 1.1.0 | 32.00 | OK | |||
r-oldrel-windows-x86_64 | 1.1.0 | 4.00 | 43.00 | 47.00 | OK |
Version: 1.1.0
Check: DESCRIPTION meta-information
Result: NOTE
Missing dependency on R >= 4.1.0 because package code uses the pipe
|> or function shorthand \(...) syntax added in R 4.1.0.
File(s) using such syntax:
‘s3_check_for_file.R’ ‘s3_file_size.R’ ‘s3_get_files.R’
‘s3_parse_uri.R’
Flavors: r-devel-linux-x86_64-debian-clang, r-devel-linux-x86_64-debian-gcc, r-devel-linux-x86_64-fedora-clang, r-devel-linux-x86_64-fedora-gcc, r-devel-windows-x86_64