Last updated on 2025-02-10 17:49:22 CET.
Flavor | Version | Tinstall | Tcheck | Ttotal | Status | Flags |
---|---|---|---|---|---|---|
r-devel-linux-x86_64-debian-clang | 0.9.15 | 4.61 | 18.88 | 23.49 | OK | |
r-devel-linux-x86_64-debian-gcc | 0.9.15 | 3.96 | 15.54 | 19.50 | OK | |
r-devel-linux-x86_64-fedora-clang | 0.9.15 | 40.53 | OK | |||
r-devel-linux-x86_64-fedora-gcc | 0.9.15 | 38.07 | OK | |||
r-devel-windows-x86_64 | 0.9.15 | 9.00 | 65.00 | 74.00 | OK | |
r-patched-linux-x86_64 | 0.9.15 | 4.93 | 18.13 | 23.06 | OK | |
r-release-linux-x86_64 | 0.9.15 | 4.56 | 17.81 | 22.37 | OK | |
r-release-macos-arm64 | 0.9.15 | 23.00 | NOTE | |||
r-release-macos-x86_64 | 0.9.15 | 43.00 | NOTE | |||
r-release-windows-x86_64 | 0.9.15 | 15.00 | 65.00 | 80.00 | OK | |
r-oldrel-macos-arm64 | 0.9.15 | 23.00 | NOTE | |||
r-oldrel-macos-x86_64 | 0.9.15 | 39.00 | NOTE | |||
r-oldrel-windows-x86_64 | 0.9.15 | 14.00 | 74.00 | 88.00 | OK |
Version: 0.9.15
Check: installed package size
Result: NOTE
installed size is 11.2Mb
sub-directories of 1Mb or more:
libs 11.1Mb
Flavors: r-release-macos-arm64, r-release-macos-x86_64, r-oldrel-macos-arm64, r-oldrel-macos-x86_64